CRAN Package Check Results for Package janeaustenr

Last updated on 2021-04-20 21:51:41 CEST.

Flavor Version Tinstall Tcheck Ttotal Status Flags
r-devel-linux-x86_64-debian-clang 0.1.5 3.09 24.43 27.52 OK
r-devel-linux-x86_64-debian-gcc 0.1.5 2.73 19.86 22.59 OK
r-devel-linux-x86_64-fedora-clang 0.1.5 48.41 NOTE
r-devel-linux-x86_64-fedora-gcc 0.1.5 34.52 NOTE
r-devel-windows-ix86+x86_64 0.1.5 7.00 34.00 41.00 OK
r-devel-windows-x86_64-gcc10-UCRT 0.1.5 NOTE
r-patched-linux-x86_64 0.1.5 3.06 24.25 27.31 OK
r-patched-solaris-x86 0.1.5 52.00 NOTE
r-release-linux-x86_64 0.1.5 3.08 24.10 27.18 OK
r-release-macos-x86_64 0.1.5 NOTE
r-release-windows-ix86+x86_64 0.1.5 7.00 41.00 48.00 OK
r-oldrel-macos-x86_64 0.1.5 NOTE
r-oldrel-windows-ix86+x86_64 0.1.5 4.00 40.00 44.00 OK

Check Details

Version: 0.1.5
Check: data for non-ASCII characters
Result: NOTE
     Note: found 1 marked UTF-8 string
Flavors: r-devel-linux-x86_64-fedora-clang, r-devel-linux-x86_64-fedora-gcc, r-devel-windows-x86_64-gcc10-UCRT, r-patched-solaris-x86, r-release-macos-x86_64, r-oldrel-macos-x86_64