CRAN Package Check Results for Package jiebaR

Last updated on 2021-11-28 19:48:55 CET.

Flavor Version Tinstall Tcheck Ttotal Status Flags
r-devel-linux-x86_64-debian-clang 0.11 OK
r-devel-linux-x86_64-debian-gcc 0.11 51.91 48.68 100.59 OK
r-devel-linux-x86_64-fedora-clang 0.11 213.96 NOTE
r-devel-linux-x86_64-fedora-gcc 0.11 179.12 OK
r-devel-windows-x86_64-new-UL 0.11 97.00 147.00 244.00 OK
r-devel-windows-x86_64-new-TK 0.11 OK
r-devel-windows-x86_64-old 0.11 71.00 106.00 177.00 OK
r-patched-linux-x86_64 0.11 60.32 60.36 120.68 OK
r-patched-solaris-x86 0.11 177.90 OK
r-release-linux-x86_64 0.11 62.03 60.56 122.59 OK
r-release-macos-arm64 0.11 NOTE
r-release-macos-x86_64 0.11 NOTE
r-release-windows-ix86+x86_64 0.11 166.00 115.00 281.00 OK
r-oldrel-macos-x86_64 0.11 NOTE
r-oldrel-windows-ix86+x86_64 0.11 126.00 150.00 276.00 OK

Check Details

Version: 0.11
Check: installed package size
Result: NOTE
     installed size is 5.1Mb
     sub-directories of 1Mb or more:
     libs 4.6Mb
Flavors: r-devel-linux-x86_64-fedora-clang, r-release-macos-arm64, r-release-macos-x86_64, r-oldrel-macos-x86_64