CRAN Package Check Results for Package jmvconnect

Last updated on 2024-04-17 21:55:59 CEST.

Flavor Version Tinstall Tcheck Ttotal Status Flags
r-devel-linux-x86_64-debian-clang 2.3.13 25.87 33.02 58.89 NOTE
r-devel-linux-x86_64-debian-gcc 2.3.13 22.27 24.98 47.25 NOTE
r-devel-linux-x86_64-fedora-clang 2.3.13 85.81 NOTE
r-devel-linux-x86_64-fedora-gcc 2.3.13 79.23 NOTE
r-prerel-macos-arm64 2.3.13 26.00 NOTE
r-prerel-windows-x86_64 2.3.13 30.00 62.00 92.00 NOTE
r-patched-linux-x86_64 2.3.13 29.39 31.01 60.40 NOTE
r-release-linux-x86_64 2.3.13 25.68 32.25 57.93 NOTE
r-release-macos-arm64 2.3.13 28.00 NOTE
r-release-macos-x86_64 2.3.13 41.00 NOTE
r-release-windows-x86_64 2.3.13 39.00 74.00 113.00 NOTE
r-oldrel-macos-arm64 2.3.13 28.00 OK
r-oldrel-windows-x86_64 2.3.13 35.00 76.00 111.00 OK

Check Details

Version: 2.3.13
Check: C++ specification
Result: NOTE Specified C++11: please drop specification unless essential Flavors: r-devel-linux-x86_64-debian-clang, r-devel-linux-x86_64-debian-gcc, r-devel-linux-x86_64-fedora-clang, r-devel-linux-x86_64-fedora-gcc, r-prerel-macos-arm64, r-prerel-windows-x86_64, r-patched-linux-x86_64, r-release-linux-x86_64, r-release-macos-arm64, r-release-macos-x86_64, r-release-windows-x86_64