CRAN Package Check Results for Package joinet

Last updated on 2021-11-27 19:49:37 CET.

Flavor Version Tinstall Tcheck Ttotal Status Flags
r-devel-linux-x86_64-debian-clang 0.0.10 NOTE
r-devel-linux-x86_64-debian-gcc 0.0.10 2.43 50.75 53.18 NOTE
r-devel-linux-x86_64-fedora-clang 0.0.10 98.15 NOTE
r-devel-linux-x86_64-fedora-gcc 0.0.10 88.32 NOTE
r-devel-windows-x86_64-new-UL 0.0.10 8.00 124.00 132.00 NOTE
r-devel-windows-x86_64-new-TK 0.0.10 NOTE
r-devel-windows-x86_64-old 0.0.10 5.00 101.00 106.00 OK
r-patched-linux-x86_64 0.0.10 2.65 63.99 66.64 NOTE
r-patched-solaris-x86 0.0.10 64.90 NOTE
r-release-linux-x86_64 0.0.10 NOTE
r-release-macos-arm64 0.0.10 NOTE
r-release-macos-x86_64 0.0.10 NOTE
r-release-windows-ix86+x86_64 0.0.10 6.00 70.00 76.00 OK
r-oldrel-macos-x86_64 0.0.10 OK
r-oldrel-windows-ix86+x86_64 0.0.10 5.00 89.00 94.00 OK

Check Details

Version: 0.0.10
Check: package dependencies
Result: NOTE
    Packages which this enhances but not available for checking:
     'MRCE', 'remMap'
Flavors: r-devel-linux-x86_64-debian-clang, r-devel-linux-x86_64-debian-gcc, r-devel-linux-x86_64-fedora-clang, r-devel-linux-x86_64-fedora-gcc, r-devel-windows-x86_64-new-UL, r-devel-windows-x86_64-new-TK, r-patched-linux-x86_64, r-patched-solaris-x86, r-release-linux-x86_64

Version: 0.0.10
Check: package dependencies
Result: NOTE
    Package which this enhances but not available for checking: ‘MRCE’
Flavors: r-release-macos-arm64, r-release-macos-x86_64