CRAN Package Check Results for Package jointseg

Last updated on 2021-11-27 19:49:37 CET.

Flavor Version Tinstall Tcheck Ttotal Status Flags
r-devel-linux-x86_64-debian-clang 1.0.2 OK
r-devel-linux-x86_64-debian-gcc 1.0.2 5.41 58.39 63.80 OK
r-devel-linux-x86_64-fedora-clang 1.0.2 117.50 OK
r-devel-linux-x86_64-fedora-gcc 1.0.2 101.36 OK
r-devel-windows-x86_64-new-UL 1.0.2 23.00 177.00 200.00 OK
r-devel-windows-x86_64-new-TK 1.0.2 OK
r-devel-windows-x86_64-old 1.0.2 11.00 120.00 131.00 OK
r-patched-linux-x86_64 1.0.2 7.12 72.22 79.34 OK
r-patched-solaris-x86 1.0.2 133.70 OK
r-release-linux-x86_64 1.0.2 OK
r-release-macos-arm64 1.0.2 NOTE
r-release-macos-x86_64 1.0.2 OK
r-release-windows-ix86+x86_64 1.0.2 21.00 132.00 153.00 OK
r-oldrel-macos-x86_64 1.0.2 OK
r-oldrel-windows-ix86+x86_64 1.0.2 18.00 172.00 190.00 OK

Check Details

Version: 1.0.2
Check: package dependencies
Result: NOTE
    Package suggested but not available for checking: ‘PSCBS’
Flavor: r-release-macos-arm64

Version: 1.0.2
Check: Rd cross-references
Result: NOTE
    Package unavailable to check Rd xrefs: ‘PSCBS’
Flavor: r-release-macos-arm64