CRAN Package Check Results for Package josaplay

Last updated on 2022-01-18 19:51:11 CET.

Flavor Version Tinstall Tcheck Ttotal Status Flags
r-devel-linux-x86_64-debian-clang 0.1.3 1.67 28.84 30.51 NOTE
r-devel-linux-x86_64-debian-gcc 0.1.3 1.54 23.21 24.75 NOTE
r-devel-linux-x86_64-fedora-clang 0.1.3 38.32 NOTE
r-devel-linux-x86_64-fedora-gcc 0.1.3 27.40 NOTE
r-devel-windows-x86_64-new-UL 0.1.3 21.00 54.00 75.00 NOTE
r-devel-windows-x86_64-new-TK 0.1.3 NOTE
r-patched-linux-x86_64 0.1.3 1.92 28.04 29.96 NOTE
r-release-linux-x86_64 0.1.3 NOTE
r-release-macos-arm64 0.1.3 NOTE
r-release-macos-x86_64 0.1.3 NOTE
r-release-windows-ix86+x86_64 0.1.3 5.00 29.00 34.00 NOTE
r-oldrel-macos-x86_64 0.1.3 OK
r-oldrel-windows-ix86+x86_64 0.1.3 5.00 39.00 44.00 OK

Check Details

Version: 0.1.3
Check: LazyData
Result: NOTE
     'LazyData' is specified without a 'data' directory
Flavors: r-devel-linux-x86_64-debian-clang, r-devel-linux-x86_64-debian-gcc, r-devel-linux-x86_64-fedora-clang, r-devel-linux-x86_64-fedora-gcc, r-devel-windows-x86_64-new-UL, r-devel-windows-x86_64-new-TK, r-patched-linux-x86_64, r-release-linux-x86_64, r-release-macos-arm64, r-release-macos-x86_64, r-release-windows-ix86+x86_64