CRAN Package Check Results for Package josaplay

Last updated on 2024-03-03 19:56:25 CET.

Flavor Version Tinstall Tcheck Ttotal Status Flags
r-devel-linux-x86_64-debian-clang 0.1.3 1.63 20.12 21.75 NOTE
r-devel-linux-x86_64-debian-gcc 0.1.3 1.54 16.01 17.55 NOTE
r-devel-linux-x86_64-fedora-clang 0.1.3 28.49 NOTE
r-devel-linux-x86_64-fedora-gcc 0.1.3 26.47 NOTE
r-devel-windows-x86_64 0.1.3 3.00 37.00 40.00 NOTE
r-patched-linux-x86_64 0.1.3 1.88 20.41 22.29 NOTE
r-release-linux-x86_64 0.1.3 2.06 19.87 21.93 NOTE
r-release-macos-arm64 0.1.3 15.00 NOTE
r-release-macos-x86_64 0.1.3 20.00 NOTE
r-release-windows-x86_64 0.1.3 4.00 39.00 43.00 NOTE
r-oldrel-macos-arm64 0.1.3 17.00 NOTE
r-oldrel-windows-x86_64 0.1.3 3.00 47.00 50.00 NOTE

Check Details

Version: 0.1.3
Check: LazyData
Result: NOTE 'LazyData' is specified without a 'data' directory Flavors: r-devel-linux-x86_64-debian-clang, r-devel-linux-x86_64-debian-gcc, r-devel-linux-x86_64-fedora-clang, r-devel-linux-x86_64-fedora-gcc, r-devel-windows-x86_64, r-patched-linux-x86_64, r-release-linux-x86_64, r-release-macos-arm64, r-release-macos-x86_64, r-release-windows-x86_64, r-oldrel-macos-arm64, r-oldrel-windows-x86_64