CRAN Package Check Results for Package jsTreeR

Last updated on 2021-11-30 19:51:26 CET.

Flavor Version Tinstall Tcheck Ttotal Status Flags
r-devel-linux-x86_64-debian-clang 1.4.0 5.51 44.11 49.62 OK
r-devel-linux-x86_64-debian-gcc 1.4.0 4.04 35.48 39.52 OK
r-devel-linux-x86_64-fedora-clang 1.4.0 72.75 NOTE
r-devel-linux-x86_64-fedora-gcc 1.4.0 59.24 NOTE
r-devel-windows-x86_64-new-UL 1.4.0 31.00 112.00 143.00 OK
r-devel-windows-x86_64-new-TK 1.4.0 NOTE
r-devel-windows-x86_64-old 1.4.0 12.00 54.00 66.00 OK
r-patched-linux-x86_64 1.4.0 5.43 43.02 48.45 OK
r-patched-solaris-x86 1.4.0 91.10 NOTE
r-release-linux-x86_64 1.4.0 3.89 43.51 47.40 OK
r-release-macos-arm64 1.4.0 NOTE
r-release-macos-x86_64 1.4.0 NOTE
r-release-windows-ix86+x86_64 1.4.0 16.00 55.00 71.00 OK
r-oldrel-macos-x86_64 1.4.0 NOTE
r-oldrel-windows-ix86+x86_64 1.4.0 11.00 55.00 66.00 OK

Check Details

Version: 1.4.0
Check: data for non-ASCII characters
Result: NOTE
     Note: found 17 marked UTF-8 strings
Flavors: r-devel-linux-x86_64-fedora-clang, r-devel-linux-x86_64-fedora-gcc, r-devel-windows-x86_64-new-TK, r-patched-solaris-x86, r-release-macos-arm64, r-release-macos-x86_64, r-oldrel-macos-x86_64