CRAN Package Check Results for Package justifier

Last updated on 2021-12-03 19:50:14 CET.

Flavor Version Tinstall Tcheck Ttotal Status Flags
r-devel-linux-x86_64-debian-clang 0.2.2 6.69 84.09 90.78 OK
r-devel-linux-x86_64-debian-gcc 0.2.2 4.63 63.29 67.92 OK
r-devel-linux-x86_64-fedora-clang 0.2.2 121.83 NOTE
r-devel-linux-x86_64-fedora-gcc 0.2.2 105.96 OK
r-devel-windows-x86_64-new-UL 0.2.2 18.00 135.00 153.00 OK
r-devel-windows-x86_64-new-TK 0.2.2 OK
r-devel-windows-x86_64-old 0.2.2 10.00 96.00 106.00 OK
r-patched-linux-x86_64 0.2.2 7.03 82.70 89.73 OK
r-release-linux-x86_64 0.2.2 5.07 82.13 87.20 OK
r-release-macos-arm64 0.2.2 OK
r-release-macos-x86_64 0.2.2 OK
r-release-windows-ix86+x86_64 0.2.2 12.00 131.00 143.00 OK
r-oldrel-macos-x86_64 0.2.2 ERROR
r-oldrel-windows-ix86+x86_64 0.2.2 11.00 121.00 132.00 ERROR

Check Details

Version: 0.2.2
Check: Rd cross-references
Result: NOTE
    Undeclared package ‘ggplot2’ in Rd xrefs
Flavor: r-devel-linux-x86_64-fedora-clang

Version: 0.2.2
Check: for unstated dependencies in examples
Result: WARN
    Warning: parse error in file 'lines':
    4: unexpected '>'
    277: weight = -.5
    278: ) |>
     ^
Flavor: r-oldrel-macos-x86_64

Version: 0.2.2
Check: examples
Result: ERROR
    Running examples in ‘justifier-Ex.R’ failed
    The error most likely occurred in:
    
    > ### Name: export_to_json
    > ### Title: Export a justifier specification to JSON
    > ### Aliases: export_to_json export_to_json.justifierStructuredObject
    > ### print.justifier_json
    >
    > ### ** Examples
    >
    > ### Programmatically create a justification with two assertions
    > ### but without sources; flatten it; and show the json
    > justifier::justify(
    + "Icecream will make me feel less fit",
    + assertion = c(
    + justifier::assert('Icecream is rich in energy'),
    + justifier::assert('Consuming high-energy foods makes me feel less fit')
    + ),
    + weight = -.5
    + ) |>
    Error: unexpected '>' in:
    " weight = -.5
    ) |>"
    Execution halted
Flavors: r-oldrel-macos-x86_64, r-oldrel-windows-ix86+x86_64

Version: 0.2.2
Check: for unstated dependencies in examples
Result: WARN
    Warning: parse error in file 'lines':
    4: unexpected '>'
    278: weight = -.5
    279: ) |>
     ^
Flavor: r-oldrel-windows-ix86+x86_64