CRAN Package Check Results for Package keras

Last updated on 2024-07-12 21:50:02 CEST.

Flavor Version Tinstall Tcheck Ttotal Status Flags
r-devel-linux-x86_64-debian-clang 2.15.0 23.04 257.62 280.66 OK
r-devel-linux-x86_64-debian-gcc 2.15.0 21.72 188.13 209.85 OK
r-devel-linux-x86_64-fedora-clang 2.15.0 349.72 OK
r-devel-linux-x86_64-fedora-gcc 2.15.0 346.68 OK
r-devel-windows-x86_64 2.15.0 25.00 282.00 307.00 NOTE
r-patched-linux-x86_64 2.15.0 43.29 241.73 285.02 OK
r-release-linux-x86_64 2.15.0 25.80 229.85 255.65 OK
r-release-macos-arm64 2.15.0 124.00 OK
r-release-macos-x86_64 2.15.0 175.00 NOTE
r-release-windows-x86_64 2.15.0 26.00 272.00 298.00 OK
r-oldrel-macos-arm64 2.15.0 107.00 OK
r-oldrel-macos-x86_64 2.15.0 222.00 NOTE
r-oldrel-windows-x86_64 2.15.0 33.00 324.00 357.00 OK

Check Details

Version: 2.15.0
Check: Rd cross-references
Result: NOTE Found the following Rd file(s) with Rd \link{} targets missing package anchors: KerasCallback.Rd: R6Class KerasConstraint.Rd: R6Class KerasLayer.Rd: R6Class KerasWrapper.Rd: R6Class Please provide package anchors for all Rd \link{} targets not in the package itself and the base packages. Flavor: r-devel-windows-x86_64

Version: 2.15.0
Check: installed package size
Result: NOTE installed size is 5.0Mb sub-directories of 1Mb or more: doc 2.0Mb help 2.1Mb Flavors: r-release-macos-x86_64, r-oldrel-macos-x86_64