CRAN Package Check Results for Package kernstadapt

Last updated on 2024-04-15 21:54:38 CEST.

Flavor Version Tinstall Tcheck Ttotal Status Flags
r-devel-linux-x86_64-debian-clang 0.0.2 13.81 138.81 152.62 NOTE
r-devel-linux-x86_64-debian-gcc 0.0.2 10.12 102.17 112.29 NOTE
r-devel-linux-x86_64-fedora-clang 0.0.2 191.99 NOTE
r-devel-linux-x86_64-fedora-gcc 0.0.2 196.51 NOTE
r-prerel-macos-arm64 0.0.2 92.00 NOTE
r-prerel-windows-x86_64 0.0.2 9.00 122.00 131.00 NOTE
r-patched-linux-x86_64 0.0.2 8.07 129.54 137.61 NOTE
r-release-linux-x86_64 0.0.2 7.82 119.99 127.81 NOTE
r-release-macos-arm64 0.0.2 70.00 NOTE
r-release-macos-x86_64 0.0.2 100.00 NOTE
r-release-windows-x86_64 0.0.2 11.00 134.00 145.00 NOTE
r-oldrel-macos-arm64 0.0.2 175.00 OK
r-oldrel-windows-x86_64 0.0.2 12.00 135.00 147.00 OK

Check Details

Version: 0.0.2
Check: Rd \usage sections
Result: NOTE S3 methods shown with full name in Rd file 'bw.abram.temp.Rd': ‘bw.abram.temp’ The \usage entries for S3 methods should use the \method markup and not their full name. See chapter ‘Writing R documentation files’ in the ‘Writing R Extensions’ manual. Flavors: r-devel-linux-x86_64-debian-clang, r-devel-linux-x86_64-debian-gcc, r-devel-linux-x86_64-fedora-clang, r-devel-linux-x86_64-fedora-gcc, r-prerel-macos-arm64, r-prerel-windows-x86_64, r-patched-linux-x86_64

Version: 0.0.2
Check: Rd \usage sections
Result: NOTE S3 methods shown with full name in documentation object 'bw.abram.temp': ‘bw.abram.temp’ The \usage entries for S3 methods should use the \method markup and not their full name. See chapter ‘Writing R documentation files’ in the ‘Writing R Extensions’ manual. Flavors: r-release-linux-x86_64, r-release-macos-arm64, r-release-macos-x86_64, r-release-windows-x86_64