CRAN Package Check Results for Package keyholder

Last updated on 2021-11-30 19:51:26 CET.

Flavor Version Tinstall Tcheck Ttotal Status Flags
r-devel-linux-x86_64-debian-clang 0.1.5 4.52 60.78 65.30 NOTE
r-devel-linux-x86_64-debian-gcc 0.1.5 2.91 46.57 49.48 NOTE
r-devel-linux-x86_64-fedora-clang 0.1.5 92.81 NOTE
r-devel-linux-x86_64-fedora-gcc 0.1.5 77.76 NOTE
r-devel-windows-x86_64-new-UL 0.1.5 12.00 107.00 119.00 NOTE
r-devel-windows-x86_64-new-TK 0.1.5 NOTE
r-devel-windows-x86_64-old 0.1.5 8.00 66.00 74.00 NOTE
r-patched-linux-x86_64 0.1.5 7.98 56.79 64.77 NOTE
r-patched-solaris-x86 0.1.5 100.80 NOTE
r-release-linux-x86_64 0.1.5 3.65 56.59 60.24 NOTE
r-release-macos-arm64 0.1.5 NOTE
r-release-macos-x86_64 0.1.5 NOTE
r-release-windows-ix86+x86_64 0.1.5 11.00 65.00 76.00 NOTE
r-oldrel-macos-x86_64 0.1.5 OK
r-oldrel-windows-ix86+x86_64 0.1.5 9.00 84.00 93.00 OK

Check Details

Version: 0.1.5
Check: LazyData
Result: NOTE
     'LazyData' is specified without a 'data' directory
Flavors: r-devel-linux-x86_64-debian-clang, r-devel-linux-x86_64-debian-gcc, r-devel-linux-x86_64-fedora-clang, r-devel-linux-x86_64-fedora-gcc, r-devel-windows-x86_64-new-UL, r-devel-windows-x86_64-new-TK, r-devel-windows-x86_64-old, r-patched-linux-x86_64, r-patched-solaris-x86, r-release-linux-x86_64, r-release-macos-arm64, r-release-macos-x86_64, r-release-windows-ix86+x86_64