CRAN Package Check Results for Package keys

Last updated on 2021-12-02 20:51:33 CET.

Flavor Version Tinstall Tcheck Ttotal Status Flags
r-devel-linux-x86_64-debian-clang 0.1.1 2.10 26.55 28.65 OK
r-devel-linux-x86_64-debian-gcc 0.1.1 1.84 21.70 23.54 OK
r-devel-linux-x86_64-fedora-clang 0.1.1 49.21 NOTE
r-devel-linux-x86_64-fedora-gcc 0.1.1 35.85 NOTE
r-devel-windows-x86_64-new-UL 0.1.1 8.00 68.00 76.00 OK
r-devel-windows-x86_64-new-TK 0.1.1 NOTE
r-devel-windows-x86_64-old 0.1.1 5.00 38.00 43.00 OK
r-patched-linux-x86_64 0.1.1 2.26 25.33 27.59 OK
r-patched-solaris-x86 0.1.1 55.50 NOTE
r-release-linux-x86_64 0.1.1 2.15 25.27 27.42 OK
r-release-macos-arm64 0.1.1 NOTE
r-release-macos-x86_64 0.1.1 NOTE
r-release-windows-ix86+x86_64 0.1.1 6.00 46.00 52.00 OK
r-oldrel-macos-x86_64 0.1.1 NOTE
r-oldrel-windows-ix86+x86_64 0.1.1 6.00 43.00 49.00 OK

Check Details

Version: 0.1.1
Check: dependencies in R code
Result: NOTE
    Namespace in Imports field not imported from: ‘shiny’
     All declared Imports should be used.
Flavors: r-devel-linux-x86_64-fedora-clang, r-devel-linux-x86_64-fedora-gcc, r-devel-windows-x86_64-new-TK, r-patched-solaris-x86, r-release-macos-arm64, r-release-macos-x86_64, r-oldrel-macos-x86_64