CRAN Package Check Results for Package kfda

Last updated on 2021-11-29 19:51:33 CET.

Flavor Version Tinstall Tcheck Ttotal Status Flags
r-devel-linux-x86_64-debian-clang 1.0.0 4.57 39.02 43.59 NOTE
r-devel-linux-x86_64-debian-gcc 1.0.0 3.65 31.06 34.71 NOTE
r-devel-linux-x86_64-fedora-clang 1.0.0 67.37 NOTE
r-devel-linux-x86_64-fedora-gcc 1.0.0 53.25 NOTE
r-devel-windows-x86_64-new-UL 1.0.0 9.00 73.00 82.00 NOTE
r-devel-windows-x86_64-new-TK 1.0.0 NOTE
r-devel-windows-x86_64-old 1.0.0 8.00 47.00 55.00 NOTE
r-patched-linux-x86_64 1.0.0 4.40 38.26 42.66 NOTE
r-patched-solaris-x86 1.0.0 80.40 NOTE
r-release-linux-x86_64 1.0.0 4.12 38.17 42.29 NOTE
r-release-macos-arm64 1.0.0 NOTE
r-release-macos-x86_64 1.0.0 NOTE
r-release-windows-ix86+x86_64 1.0.0 12.00 46.00 58.00 NOTE
r-oldrel-macos-x86_64 1.0.0 OK
r-oldrel-windows-ix86+x86_64 1.0.0 9.00 59.00 68.00 OK

Check Details

Version: 1.0.0
Check: LazyData
Result: NOTE
     'LazyData' is specified without a 'data' directory
Flavors: r-devel-linux-x86_64-debian-clang, r-devel-linux-x86_64-debian-gcc, r-devel-linux-x86_64-fedora-clang, r-devel-linux-x86_64-fedora-gcc, r-devel-windows-x86_64-new-UL, r-devel-windows-x86_64-new-TK, r-devel-windows-x86_64-old, r-patched-linux-x86_64, r-patched-solaris-x86, r-release-linux-x86_64, r-release-macos-arm64, r-release-macos-x86_64, r-release-windows-ix86+x86_64