CRAN Package Check Results for Package kgrams

Last updated on 2021-12-03 19:50:15 CET.

Flavor Version Tinstall Tcheck Ttotal Status Flags
r-devel-linux-x86_64-debian-clang 0.1.2 100.07 136.06 236.13 OK
r-devel-linux-x86_64-debian-gcc 0.1.2 91.62 109.47 201.09 OK
r-devel-linux-x86_64-fedora-clang 0.1.2 355.78 NOTE
r-devel-linux-x86_64-fedora-gcc 0.1.2 336.51 NOTE
r-devel-windows-x86_64-new-UL 0.1.2 142.00 232.00 374.00 OK
r-devel-windows-x86_64-new-TK 0.1.2 NOTE
r-devel-windows-x86_64-old 0.1.2 132.00 153.00 285.00 OK
r-patched-linux-x86_64 0.1.2 110.33 131.46 241.79 OK
r-release-linux-x86_64 0.1.2 104.93 130.24 235.17 OK
r-release-macos-arm64 0.1.2 NOTE
r-release-macos-x86_64 0.1.2 NOTE
r-release-windows-ix86+x86_64 0.1.2 260.00 229.00 489.00 OK
r-oldrel-macos-x86_64 0.1.2 NOTE
r-oldrel-windows-ix86+x86_64 0.1.2 263.00 231.00 494.00 OK

Check Details

Version: 0.1.2
Check: installed package size
Result: NOTE
     installed size is 15.1Mb
     sub-directories of 1Mb or more:
     libs 14.7Mb
Flavors: r-devel-linux-x86_64-fedora-clang, r-release-macos-arm64, r-release-macos-x86_64, r-oldrel-macos-x86_64

Version: 0.1.2
Check: dependencies in R code
Result: NOTE
    Namespace in Imports field not imported from: ‘RcppProgress’
     All declared Imports should be used.
Flavors: r-devel-linux-x86_64-fedora-clang, r-devel-linux-x86_64-fedora-gcc, r-devel-windows-x86_64-new-TK, r-release-macos-arm64, r-release-macos-x86_64, r-oldrel-macos-x86_64