CRAN Package Check Results for Package kibior

Last updated on 2024-02-26 19:50:12 CET.

Flavor Version Tinstall Tcheck Ttotal Status Flags
r-devel-linux-x86_64-debian-clang 0.1.1 12.26 73.26 85.52 NOTE
r-devel-linux-x86_64-debian-gcc 0.1.1 8.75 54.55 63.30 NOTE
r-devel-linux-x86_64-fedora-clang 0.1.1 101.83 NOTE
r-devel-linux-x86_64-fedora-gcc 0.1.1 116.26 NOTE
r-devel-windows-x86_64 0.1.1 10.00 83.00 93.00 NOTE
r-patched-linux-x86_64 0.1.1 12.72 69.26 81.98 NOTE
r-release-linux-x86_64 0.1.1 6.84 69.65 76.49 NOTE
r-release-macos-arm64 0.1.1 50.00 NOTE
r-release-macos-x86_64 0.1.1 56.00 NOTE
r-release-windows-x86_64 0.1.1 14.00 90.00 104.00 NOTE
r-oldrel-macos-arm64 0.1.1 36.00 NOTE
r-oldrel-windows-x86_64 0.1.1 14.00 89.00 103.00 NOTE

Check Details

Version: 0.1.1
Check: LazyData
Result: NOTE 'LazyData' is specified without a 'data' directory Flavors: r-devel-linux-x86_64-debian-clang, r-devel-linux-x86_64-debian-gcc, r-devel-linux-x86_64-fedora-clang, r-devel-linux-x86_64-fedora-gcc, r-devel-windows-x86_64, r-patched-linux-x86_64, r-release-linux-x86_64, r-release-macos-arm64, r-release-macos-x86_64, r-release-windows-x86_64, r-oldrel-macos-arm64, r-oldrel-windows-x86_64

Version: 0.1.1
Check: installed package size
Result: NOTE installed size is 5.0Mb sub-directories of 1Mb or more: doc 3.2Mb extdata 1.2Mb Flavors: r-devel-linux-x86_64-fedora-clang, r-release-macos-x86_64

Version: 0.1.1
Check: dependencies in R code
Result: NOTE Namespaces in Imports field not imported from: ‘Biostrings’ ‘Rsamtools’ ‘rtracklayer’ All declared Imports should be used. Flavors: r-devel-linux-x86_64-fedora-clang, r-devel-linux-x86_64-fedora-gcc, r-oldrel-macos-arm64