CRAN Package Check Results for Package kmcudaR

Last updated on 2021-05-17 21:49:39 CEST.

Flavor Version Tinstall Tcheck Ttotal Status Flags
r-devel-linux-x86_64-debian-clang 1.1.0 2.46 26.72 29.18 OK --no-examples --no-tests --no-vignettes
r-devel-linux-x86_64-debian-gcc 1.1.0 1.77 20.90 22.67 OK --no-examples --no-tests --no-vignettes
r-devel-windows-x86_64-gcc10-UCRT 1.1.0 OK
r-patched-linux-x86_64 1.1.0 2.06 25.86 27.92 OK --no-examples --no-tests --no-vignettes
r-release-linux-x86_64 1.1.0 2.07 25.69 27.76 OK --no-examples --no-tests --no-vignettes
r-release-macos-x86_64 1.1.0 ERROR
r-oldrel-macos-x86_64 1.1.0 ERROR

Check Details

Version: 1.1.0
Check: whether package can be installed
Result: ERROR
    Installation failed.
Flavors: r-release-macos-x86_64, r-oldrel-macos-x86_64