CRAN Package Check Results for Package koRpus

Last updated on 2022-01-26 19:50:36 CET.

Flavor Version Tinstall Tcheck Ttotal Status Flags
r-devel-linux-x86_64-debian-clang 0.13-8 26.81 180.74 207.55 NOTE
r-devel-linux-x86_64-debian-gcc 0.13-8 20.27 134.87 155.14 NOTE
r-devel-linux-x86_64-fedora-clang 0.13-8 241.09 NOTE
r-devel-linux-x86_64-fedora-gcc 0.13-8 235.67 NOTE
r-devel-windows-x86_64-new-UL 0.13-8 209.00 232.00 441.00 NOTE
r-devel-windows-x86_64-new-TK 0.13-8 NOTE
r-patched-linux-x86_64 0.13-8 29.01 169.39 198.40 NOTE
r-release-linux-x86_64 0.13-8 20.90 169.86 190.76 NOTE
r-release-macos-arm64 0.13-8 NOTE
r-release-macos-x86_64 0.13-8 NOTE
r-release-windows-ix86+x86_64 0.13-8 44.00 210.00 254.00 NOTE
r-oldrel-macos-x86_64 0.13-8 NOTE
r-oldrel-windows-ix86+x86_64 0.13-8 43.00 206.00 249.00 NOTE

Check Details

Version: 0.13-8
Check: package dependencies
Result: NOTE
    Packages suggested but not available for checking:
     'koRpus.lang.de', 'koRpus.lang.es', 'koRpus.lang.fr',
     'koRpus.lang.it', 'koRpus.lang.nl', 'koRpus.lang.pt',
     'koRpus.lang.ru'
    
    Package which this enhances but not available for checking: 'rkward'
Flavors: r-devel-linux-x86_64-debian-clang, r-devel-linux-x86_64-debian-gcc, r-devel-linux-x86_64-fedora-clang, r-devel-linux-x86_64-fedora-gcc, r-devel-windows-x86_64-new-UL, r-devel-windows-x86_64-new-TK, r-patched-linux-x86_64, r-release-linux-x86_64, r-release-macos-arm64, r-release-macos-x86_64, r-release-windows-ix86+x86_64, r-oldrel-macos-x86_64, r-oldrel-windows-ix86+x86_64