CRAN Package Check Results for Package koRpus

Last updated on 2018-11-17 20:47:54 CET.

Flavor Version Tinstall Tcheck Ttotal Status Flags
r-devel-linux-x86_64-debian-clang 0.11-5 13.47 101.47 114.94 NOTE
r-devel-linux-x86_64-debian-gcc 0.11-5 10.39 80.11 90.50 NOTE
r-devel-linux-x86_64-fedora-clang 0.11-5 142.69 NOTE
r-devel-linux-x86_64-fedora-gcc 0.11-5 137.93 NOTE
r-devel-windows-ix86+x86_64 0.11-5 25.00 135.00 160.00 NOTE
r-patched-linux-x86_64 0.11-5 11.67 103.87 115.54 NOTE
r-patched-solaris-x86 0.11-5 180.20 NOTE
r-release-linux-x86_64 0.11-5 14.21 105.01 119.22 NOTE
r-release-windows-ix86+x86_64 0.11-5 27.00 163.00 190.00 NOTE
r-release-osx-x86_64 0.11-5 NOTE
r-oldrel-windows-ix86+x86_64 0.11-5 10.00 122.00 132.00 NOTE
r-oldrel-osx-x86_64 0.11-5 NOTE

Check Details

Version: 0.11-5
Check: package dependencies
Result: NOTE
    Packages suggested but not available for checking:
     'koRpus.lang.de', 'koRpus.lang.es', 'koRpus.lang.fr',
     'koRpus.lang.it', 'koRpus.lang.ru'
    
    Package which this enhances but not available for checking: ‘rkward’
Flavors: r-devel-linux-x86_64-debian-clang, r-devel-linux-x86_64-debian-gcc, r-devel-linux-x86_64-fedora-clang, r-devel-linux-x86_64-fedora-gcc, r-devel-windows-ix86+x86_64

Version: 0.11-5
Check: package dependencies
Result: NOTE
    Packages suggested but not available for checking:
     ‘koRpus.lang.de’ ‘koRpus.lang.es’ ‘koRpus.lang.fr’ ‘koRpus.lang.it’
     ‘koRpus.lang.ru’
    
    Package which this enhances but not available for checking: ‘rkward’
Flavors: r-patched-linux-x86_64, r-patched-solaris-x86, r-release-linux-x86_64, r-release-windows-ix86+x86_64, r-release-osx-x86_64, r-oldrel-windows-ix86+x86_64, r-oldrel-osx-x86_64