CRAN Package Check Results for Package koRpus

Last updated on 2019-02-17 20:08:27 CET.

Flavor Version Tinstall Tcheck Ttotal Status Flags
r-devel-linux-x86_64-debian-clang 0.11-5 14.91 112.28 127.19 NOTE
r-devel-linux-x86_64-debian-gcc 0.11-5 13.70 85.05 98.75 NOTE
r-devel-linux-x86_64-fedora-clang 0.11-5 143.08 NOTE
r-devel-linux-x86_64-fedora-gcc 0.11-5 136.70 NOTE
r-devel-windows-ix86+x86_64 0.11-5 38.00 155.00 193.00 NOTE
r-patched-linux-x86_64 0.11-5 15.25 110.37 125.62 NOTE
r-patched-solaris-x86 0.11-5 182.40 NOTE
r-release-linux-x86_64 0.11-5 NOTE
r-release-windows-ix86+x86_64 0.11-5 16.00 124.00 140.00 NOTE
r-release-osx-x86_64 0.11-5 NOTE
r-oldrel-windows-ix86+x86_64 0.11-5 9.00 141.00 150.00 NOTE
r-oldrel-osx-x86_64 0.11-5 NOTE

Check Details

Version: 0.11-5
Check: package dependencies
Result: NOTE
    Packages suggested but not available for checking:
     'koRpus.lang.de', 'koRpus.lang.es', 'koRpus.lang.fr',
     'koRpus.lang.it', 'koRpus.lang.ru'
    
    Package which this enhances but not available for checking: ‘rkward’
Flavors: r-devel-linux-x86_64-debian-clang, r-devel-linux-x86_64-debian-gcc, r-devel-linux-x86_64-fedora-clang, r-devel-linux-x86_64-fedora-gcc, r-devel-windows-ix86+x86_64

Version: 0.11-5
Check: package dependencies
Result: NOTE
    Packages suggested but not available for checking:
     ‘koRpus.lang.de’ ‘koRpus.lang.es’ ‘koRpus.lang.fr’ ‘koRpus.lang.it’
     ‘koRpus.lang.ru’
    
    Package which this enhances but not available for checking: ‘rkward’
Flavors: r-patched-linux-x86_64, r-patched-solaris-x86, r-release-linux-x86_64, r-release-windows-ix86+x86_64, r-release-osx-x86_64, r-oldrel-windows-ix86+x86_64, r-oldrel-osx-x86_64