CRAN Package Check Results for Package koRpus

Last updated on 2018-08-19 21:53:54 CEST.

Flavor Version Tinstall Tcheck Ttotal Status Flags
r-devel-linux-x86_64-debian-clang 0.10-2 22.51 110.15 132.66 NOTE
r-devel-linux-x86_64-debian-gcc 0.10-2 19.88 88.72 108.60 NOTE
r-devel-linux-x86_64-fedora-clang 0.10-2 161.22 NOTE
r-devel-linux-x86_64-fedora-gcc 0.10-2 158.26 NOTE
r-devel-windows-ix86+x86_64 0.10-2 40.00 158.00 198.00 NOTE
r-patched-linux-x86_64 0.10-2 24.67 98.94 123.61 NOTE
r-patched-solaris-x86 0.10-2 238.00 NOTE
r-release-linux-x86_64 0.10-2 24.80 100.17 124.97 NOTE
r-release-windows-ix86+x86_64 0.10-2 47.00 113.00 160.00 NOTE
r-release-osx-x86_64 0.10-2 NOTE
r-oldrel-windows-ix86+x86_64 0.10-2 25.00 142.00 167.00 NOTE
r-oldrel-osx-x86_64 0.10-2 WARN

Check Details

Version: 0.10-2
Check: package dependencies
Result: NOTE
    Package which this enhances but not available for checking: ‘rkward’
Flavors: r-devel-linux-x86_64-debian-clang, r-devel-linux-x86_64-debian-gcc, r-devel-linux-x86_64-fedora-clang, r-devel-linux-x86_64-fedora-gcc, r-devel-windows-ix86+x86_64, r-patched-linux-x86_64, r-patched-solaris-x86, r-release-linux-x86_64, r-release-windows-ix86+x86_64, r-release-osx-x86_64, r-oldrel-windows-ix86+x86_64, r-oldrel-osx-x86_64

Version: 0.10-2
Check: installed package size
Result: NOTE
     installed size is 6.3Mb
     sub-directories of 1Mb or more:
     R 4.8Mb
Flavors: r-devel-linux-x86_64-fedora-clang, r-devel-windows-ix86+x86_64, r-patched-solaris-x86, r-release-windows-ix86+x86_64, r-release-osx-x86_64, r-oldrel-windows-ix86+x86_64, r-oldrel-osx-x86_64

Version: 0.10-2
Check: data for non-ASCII characters
Result: NOTE
     Note: found 22852 marked UTF-8 strings
Flavors: r-devel-linux-x86_64-fedora-clang, r-devel-linux-x86_64-fedora-gcc, r-patched-solaris-x86, r-release-osx-x86_64, r-oldrel-osx-x86_64

Version: 0.10-2
Check: re-building of vignette outputs
Result: WARN
    Error in re-building vignettes:
     ...
    Error in texi2dvi(file = file, pdf = TRUE, clean = clean, quiet = quiet, :
     Running 'texi2dvi' on 'koRpus_vignette.tex' failed.
    LaTeX errors:
    ! LaTeX Error: File `utf8x.def' not found.
    
    Type X to quit or <RETURN> to proceed,
    or enter new name. (Default extension: def)
    
    ! Emergency stop.
    <read *>
    
    l.158 \endinput
     ^^M
    ! ==> Fatal error occurred, no output PDF file produced!
    Calls: buildVignettes -> texi2pdf -> texi2dvi
    Execution halted
Flavor: r-oldrel-osx-x86_64