Last updated on 2022-05-27 21:51:25 CEST.
Flavor | Version | Tinstall | Tcheck | Ttotal | Status | Flags |
---|---|---|---|---|---|---|
r-devel-linux-x86_64-debian-clang | 1.0.1 | 13.64 | 292.94 | 306.58 | NOTE | |
r-devel-linux-x86_64-debian-gcc | 1.0.1 | 12.23 | 226.58 | 238.81 | NOTE | |
r-devel-linux-x86_64-fedora-clang | 1.0.1 | 368.71 | NOTE | |||
r-devel-linux-x86_64-fedora-gcc | 1.0.1 | 364.18 | NOTE | |||
r-devel-windows-x86_64 | 1.0.1 | 24.00 | 301.00 | 325.00 | NOTE | |
r-patched-linux-x86_64 | 1.0.1 | 22.30 | 290.12 | 312.42 | NOTE | |
r-release-linux-x86_64 | 1.0.1 | 11.06 | 285.95 | 297.01 | NOTE | |
r-release-macos-arm64 | 1.0.1 | 119.00 | NOTE | |||
r-release-macos-x86_64 | 1.0.1 | 142.00 | NOTE | |||
r-release-windows-x86_64 | 1.0.1 | 25.00 | 297.00 | 322.00 | NOTE | |
r-oldrel-macos-arm64 | 1.0.1 | 156.00 | NOTE | |||
r-oldrel-macos-x86_64 | 1.0.1 | 154.00 | NOTE | |||
r-oldrel-windows-ix86+x86_64 | 1.0.1 | 30.00 | 305.00 | 335.00 | NOTE |
Version: 1.0.1
Check: LazyData
Result: NOTE
'LazyData' is specified without a 'data' directory
Flavors: r-devel-linux-x86_64-debian-clang, r-devel-linux-x86_64-debian-gcc, r-devel-linux-x86_64-fedora-clang, r-devel-linux-x86_64-fedora-gcc, r-devel-windows-x86_64, r-patched-linux-x86_64, r-release-linux-x86_64, r-release-macos-arm64, r-release-macos-x86_64, r-release-windows-x86_64, r-oldrel-macos-arm64, r-oldrel-macos-x86_64, r-oldrel-windows-ix86+x86_64