CRAN Package Check Results for Package l1spectral

Last updated on 2024-02-26 19:50:12 CET.

Flavor Version Tinstall Tcheck Ttotal Status Flags
r-devel-linux-x86_64-debian-clang 0.99.6 47.94 141.09 189.03 NOTE
r-devel-linux-x86_64-debian-gcc 0.99.6 36.64 104.75 141.39 NOTE
r-devel-linux-x86_64-fedora-clang 0.99.6 242.34 NOTE
r-devel-linux-x86_64-fedora-gcc 0.99.6 240.76 OK
r-devel-windows-x86_64 0.99.6 38.00 132.00 170.00 OK
r-patched-linux-x86_64 0.99.6 33.65 135.10 168.75 OK
r-release-linux-x86_64 0.99.6 32.02 133.42 165.44 OK
r-release-macos-arm64 0.99.6 67.00 OK
r-release-macos-x86_64 0.99.6 111.00 OK
r-release-windows-x86_64 0.99.6 49.00 162.00 211.00 OK
r-oldrel-macos-arm64 0.99.6 61.00 OK
r-oldrel-windows-x86_64 0.99.6 49.00 159.00 208.00 OK

Check Details

Version: 0.99.6
Check: Rd files
Result: NOTE checkRd: (-1) CreateDataSet.Rd:23: Lost braces in \itemize; \value handles \item{}{} directly checkRd: (-1) CreateDataSet.Rd:24: Lost braces in \itemize; \value handles \item{}{} directly checkRd: (-1) CreateDataSet.Rd:25: Lost braces in \itemize; \value handles \item{}{} directly checkRd: (-1) FindElement.Rd:21: Lost braces in \itemize; \value handles \item{}{} directly checkRd: (-1) FindElement.Rd:22: Lost braces in \itemize; \value handles \item{}{} directly checkRd: (-1) FindNbrClusters.Rd:21: Lost braces in \itemize; \value handles \item{}{} directly checkRd: (-1) FindNbrClusters.Rd:22: Lost braces in \itemize; \value handles \item{}{} directly checkRd: (-1) FindStructure.Rd:15: Lost braces in \itemize; \value handles \item{}{} directly checkRd: (-1) FindStructure.Rd:16: Lost braces in \itemize; \value handles \item{}{} directly checkRd: (-1) l1_spectralclustering.Rd:32: Lost braces in \itemize; \value handles \item{}{} directly checkRd: (-1) l1_spectralclustering.Rd:33: Lost braces in \itemize; \value handles \item{}{} directly checkRd: (-1) l1_spectralclustering.Rd:34: Lost braces in \itemize; \value handles \item{}{} directly checkRd: (-1) l1_spectralclustering.Rd:35: Lost braces in \itemize; \value handles \item{}{} directly Flavors: r-devel-linux-x86_64-debian-clang, r-devel-linux-x86_64-debian-gcc, r-devel-linux-x86_64-fedora-clang