CRAN Package Check Results for Package labelrank

Last updated on 2021-12-03 19:50:15 CET.

Flavor Version Tinstall Tcheck Ttotal Status Flags
r-devel-linux-x86_64-debian-clang 0.1 1.85 25.89 27.74 NOTE
r-devel-linux-x86_64-debian-gcc 0.1 1.44 20.53 21.97 NOTE
r-devel-linux-x86_64-fedora-clang 0.1 46.64 OK
r-devel-linux-x86_64-fedora-gcc 0.1 33.96 OK
r-devel-windows-x86_64-new-UL 0.1 6.00 62.00 68.00 NOTE
r-devel-windows-x86_64-new-TK 0.1 OK
r-devel-windows-x86_64-old 0.1 4.00 33.00 37.00 NOTE
r-patched-linux-x86_64 0.1 1.90 23.25 25.15 NOTE
r-release-linux-x86_64 0.1 2.00 23.45 25.45 NOTE
r-release-macos-arm64 0.1 OK
r-release-macos-x86_64 0.1 OK
r-release-windows-ix86+x86_64 0.1 5.00 43.00 48.00 NOTE
r-oldrel-macos-x86_64 0.1 OK
r-oldrel-windows-ix86+x86_64 0.1 5.00 40.00 45.00 NOTE

Check Details

Version: 0.1
Check: package vignettes
Result: NOTE
    Package vignette with placeholder title 'Vignette Title':
     'labelrank.Rmd'
Flavors: r-devel-linux-x86_64-debian-clang, r-devel-linux-x86_64-debian-gcc, r-devel-windows-x86_64-new-UL, r-devel-windows-x86_64-old, r-patched-linux-x86_64, r-release-linux-x86_64, r-release-windows-ix86+x86_64, r-oldrel-windows-ix86+x86_64