CRAN Package Check Results for Package lactater

Last updated on 2022-06-25 21:53:03 CEST.

Flavor Version Tinstall Tcheck Ttotal Status Flags
r-devel-linux-x86_64-debian-clang 0.1.0 3.41 55.05 58.46 OK
r-devel-linux-x86_64-debian-gcc 0.1.0 2.15 41.60 43.75 OK
r-devel-linux-x86_64-fedora-clang 0.1.0 79.67 NOTE
r-devel-linux-x86_64-fedora-gcc 0.1.0 77.99 OK
r-devel-windows-x86_64 0.1.0 35.00 93.00 128.00 OK
r-patched-linux-x86_64 0.1.0 2.52 53.63 56.15 OK
r-release-linux-x86_64 0.1.0 2.53 51.72 54.25 OK
r-release-macos-arm64 0.1.0 26.00 OK
r-release-macos-x86_64 0.1.0 45.00 OK
r-release-windows-x86_64 0.1.0 30.00 79.00 109.00 OK
r-oldrel-macos-arm64 0.1.0 22.00 OK
r-oldrel-macos-x86_64 0.1.0 31.00 OK
r-oldrel-windows-ix86+x86_64 0.1.0 9.00 75.00 84.00 OK

Check Details

Version: 0.1.0
Check: Rd cross-references
Result: NOTE
    Undeclared package ‘tibble’ in Rd xrefs
Flavor: r-devel-linux-x86_64-fedora-clang