CRAN Package Check Results for Package lactcurves

Last updated on 2024-07-15 21:52:09 CEST.

Flavor Version Tinstall Tcheck Ttotal Status Flags
r-devel-linux-x86_64-debian-clang 1.1.0 14.80 46.38 61.18 NOTE
r-devel-linux-x86_64-debian-gcc 1.1.0 12.48 32.63 45.11 NOTE
r-devel-linux-x86_64-fedora-clang 1.1.0 76.56 NOTE
r-devel-linux-x86_64-fedora-gcc 1.1.0 70.47 NOTE
r-devel-windows-x86_64 1.1.0 12.00 49.00 61.00 NOTE
r-patched-linux-x86_64 1.1.0 12.28 43.21 55.49 NOTE
r-release-linux-x86_64 1.1.0 13.23 43.07 56.30 NOTE
r-release-macos-arm64 1.1.0 24.00 NOTE
r-release-macos-x86_64 1.1.0 35.00 NOTE
r-release-windows-x86_64 1.1.0 12.00 50.00 62.00 NOTE
r-oldrel-macos-arm64 1.1.0 25.00 NOTE
r-oldrel-macos-x86_64 1.1.0 39.00 NOTE
r-oldrel-windows-x86_64 1.1.0 13.00 52.00 65.00 NOTE

Check Details

Version: 1.1.0
Check: LazyData
Result: NOTE 'LazyData' is specified without a 'data' directory Flavors: r-devel-linux-x86_64-debian-clang, r-devel-linux-x86_64-debian-gcc, r-devel-linux-x86_64-fedora-clang, r-devel-linux-x86_64-fedora-gcc, r-devel-windows-x86_64, r-patched-linux-x86_64, r-release-linux-x86_64, r-release-macos-arm64, r-release-macos-x86_64, r-release-windows-x86_64, r-oldrel-macos-arm64, r-oldrel-macos-x86_64, r-oldrel-windows-x86_64