CRAN Package Check Results for Package lamW

Last updated on 2024-02-29 20:05:30 CET.

Flavor Version Tinstall Tcheck Ttotal Status Flags
r-devel-linux-x86_64-debian-clang 2.2.3 21.62 29.30 50.92 NOTE
r-devel-linux-x86_64-debian-gcc 2.2.3 15.23 22.82 38.05 NOTE
r-devel-linux-x86_64-fedora-clang 2.2.3 72.31 NOTE
r-devel-linux-x86_64-fedora-gcc 2.2.3 69.82 NOTE
r-devel-windows-x86_64 2.2.3 21.00 67.00 88.00 NOTE
r-patched-linux-x86_64 2.2.3 20.71 28.48 49.19 NOTE
r-release-linux-x86_64 2.2.3 18.75 28.69 47.44 NOTE
r-release-macos-arm64 2.2.3 28.00 NOTE
r-release-macos-x86_64 2.2.3 56.00 NOTE
r-release-windows-x86_64 2.2.3 26.00 70.00 96.00 NOTE
r-oldrel-macos-arm64 2.2.3 28.00 NOTE
r-oldrel-windows-x86_64 2.2.3 24.00 70.00 94.00 NOTE

Check Details

Version: 2.2.3
Check: for GNU extensions in Makefiles
Result: NOTE GNU make is a SystemRequirements. Flavors: r-devel-linux-x86_64-debian-clang, r-devel-linux-x86_64-debian-gcc, r-devel-linux-x86_64-fedora-clang, r-devel-linux-x86_64-fedora-gcc, r-devel-windows-x86_64, r-patched-linux-x86_64, r-release-linux-x86_64, r-release-macos-arm64, r-release-macos-x86_64, r-release-windows-x86_64, r-oldrel-macos-arm64, r-oldrel-windows-x86_64

Version: 2.2.3
Check: Rd cross-references
Result: NOTE Undeclared package ‘gsl’ in Rd xrefs Flavor: r-devel-linux-x86_64-fedora-clang