Last updated on 2023-01-27 19:49:35 CET.
Flavor | Version | Tinstall | Tcheck | Ttotal | Status | Flags |
---|---|---|---|---|---|---|
r-devel-linux-x86_64-debian-clang | 1.2 | 20.94 | 70.03 | 90.97 | NOTE | |
r-devel-linux-x86_64-debian-gcc | 1.2 | 16.39 | 52.30 | 68.69 | NOTE | |
r-devel-linux-x86_64-fedora-clang | 1.2 | 121.28 | NOTE | |||
r-devel-linux-x86_64-fedora-gcc | 1.2 | 122.31 | NOTE | |||
r-devel-windows-x86_64 | 1.2 | 27.00 | 115.00 | 142.00 | NOTE | |
r-patched-linux-x86_64 | 1.2 | 16.61 | 68.11 | 84.72 | NOTE | |
r-release-linux-x86_64 | 1.2 | 16.52 | 68.26 | 84.78 | NOTE | |
r-release-macos-arm64 | 1.2 | 34.00 | NOTE | |||
r-release-macos-x86_64 | 1.2 | 45.00 | NOTE | |||
r-release-windows-x86_64 | 1.2 | 26.00 | 120.00 | 146.00 | NOTE | |
r-oldrel-macos-arm64 | 1.2 | 29.00 | NOTE | |||
r-oldrel-macos-x86_64 | 1.2 | 53.00 | NOTE | |||
r-oldrel-windows-ix86+x86_64 | 1.2 | 50.00 | 136.00 | 186.00 | NOTE |
Version: 1.2
Check: LazyData
Result: NOTE
'LazyData' is specified without a 'data' directory
Flavors: r-devel-linux-x86_64-debian-clang, r-devel-linux-x86_64-debian-gcc, r-devel-linux-x86_64-fedora-clang, r-devel-linux-x86_64-fedora-gcc, r-devel-windows-x86_64, r-patched-linux-x86_64, r-release-linux-x86_64, r-release-macos-arm64, r-release-macos-x86_64, r-release-windows-x86_64, r-oldrel-macos-arm64, r-oldrel-macos-x86_64, r-oldrel-windows-ix86+x86_64