CRAN Package Check Results for Package languageserver

Last updated on 2022-08-11 21:50:08 CEST.

Flavor Version Tinstall Tcheck Ttotal Status Flags
r-devel-linux-x86_64-debian-clang 0.3.13 20.16 46.75 66.91 OK
r-devel-linux-x86_64-debian-gcc 0.3.13 16.56 35.77 52.33 OK
r-devel-linux-x86_64-fedora-clang 0.3.13 95.05 NOTE
r-devel-linux-x86_64-fedora-gcc 0.3.13 96.01 NOTE
r-devel-windows-x86_64 0.3.13 126.00 80.00 206.00 OK
r-patched-linux-x86_64 0.3.13 19.56 46.65 66.21 OK
r-release-linux-x86_64 0.3.13 16.67 45.90 62.57 OK
r-release-macos-arm64 0.3.13 32.00 NOTE
r-release-macos-x86_64 0.3.13 39.00 NOTE
r-release-windows-x86_64 0.3.13 164.00 69.00 233.00 OK
r-oldrel-macos-arm64 0.3.13 30.00 NOTE
r-oldrel-macos-x86_64 0.3.13 38.00 NOTE
r-oldrel-windows-ix86+x86_64 0.3.13 41.00 75.00 116.00 OK

Check Details

Version: 0.3.13
Check: dependencies in R code
Result: NOTE
    Namespaces in Imports field not imported from:
     ‘callr’ ‘parallel’
     All declared Imports should be used.
Flavors: r-devel-linux-x86_64-fedora-clang, r-devel-linux-x86_64-fedora-gcc, r-release-macos-arm64, r-release-macos-x86_64, r-oldrel-macos-arm64, r-oldrel-macos-x86_64