CRAN Package Check Results for Package lar

Last updated on 2025-01-25 19:48:47 CET.

Flavor Version Tinstall Tcheck Ttotal Status Flags
r-devel-linux-x86_64-debian-clang 0.1-2 10.48 87.29 97.77 NOTE
r-devel-linux-x86_64-debian-gcc 0.1-2 8.69 65.49 74.18 NOTE
r-devel-linux-x86_64-fedora-clang 0.1-2 158.54 OK
r-devel-linux-x86_64-fedora-gcc 0.1-2 151.40 OK
r-devel-windows-x86_64 0.1-2 12.00 88.00 100.00 NOTE
r-patched-linux-x86_64 0.1-2 14.43 81.34 95.77 OK
r-release-linux-x86_64 0.1-2 9.69 81.77 91.46 OK
r-release-macos-arm64 0.1-2 45.00 OK
r-release-macos-x86_64 0.1-2 75.00 OK
r-release-windows-x86_64 0.1-2 10.00 94.00 104.00 OK
r-oldrel-macos-arm64 0.1-2 52.00 OK
r-oldrel-macos-x86_64 0.1-2 61.00 OK
r-oldrel-windows-x86_64 0.1-2 12.00 98.00 110.00 OK

Check Details

Version: 0.1-2
Check: Rd cross-references
Result: NOTE Found the following Rd file(s) with Rd \link{} targets missing package anchors: draw.lar.Rd: treemap Please provide package anchors for all Rd \link{} targets not in the package itself and the base packages. Flavors: r-devel-linux-x86_64-debian-clang, r-devel-linux-x86_64-debian-gcc, r-devel-windows-x86_64