Last updated on 2022-06-27 21:51:22 CEST.
Flavor | Version | Tinstall | Tcheck | Ttotal | Status | Flags |
---|---|---|---|---|---|---|
r-devel-linux-x86_64-debian-clang | 0.1-2 | 13.23 | 116.88 | 130.11 | OK | |
r-devel-linux-x86_64-debian-gcc | 0.1-2 | 10.99 | 86.46 | 97.45 | OK | |
r-devel-linux-x86_64-fedora-clang | 0.1-2 | 162.95 | NOTE | |||
r-devel-linux-x86_64-fedora-gcc | 0.1-2 | 161.56 | NOTE | |||
r-devel-windows-x86_64 | 0.1-2 | 16.00 | 116.00 | 132.00 | OK | |
r-patched-linux-x86_64 | 0.1-2 | 18.27 | 112.58 | 130.85 | OK | |
r-release-linux-x86_64 | 0.1-2 | 11.95 | 112.92 | 124.87 | OK | |
r-release-macos-arm64 | 0.1-2 | 43.00 | NOTE | |||
r-release-macos-x86_64 | 0.1-2 | 79.00 | NOTE | |||
r-release-windows-x86_64 | 0.1-2 | 16.00 | 116.00 | 132.00 | OK | |
r-oldrel-macos-arm64 | 0.1-2 | 68.00 | NOTE | |||
r-oldrel-macos-x86_64 | 0.1-2 | 75.00 | NOTE | |||
r-oldrel-windows-ix86+x86_64 | 0.1-2 | 27.00 | 114.00 | 141.00 | OK |
Version: 0.1-2
Check: data for non-ASCII characters
Result: NOTE
Note: found 6 marked UTF-8 strings
Flavors: r-devel-linux-x86_64-fedora-clang, r-devel-linux-x86_64-fedora-gcc, r-release-macos-arm64, r-release-macos-x86_64, r-oldrel-macos-arm64, r-oldrel-macos-x86_64