CRAN Package Check Results for Package latentcor

Last updated on 2024-05-26 21:49:19 CEST.

Flavor Version Tinstall Tcheck Ttotal Status Flags
r-devel-linux-x86_64-debian-clang 2.0.1 30.50 194.84 225.34 NOTE
r-devel-linux-x86_64-debian-gcc 2.0.1 26.24 144.55 170.79 NOTE
r-devel-linux-x86_64-fedora-clang 2.0.1 287.84 NOTE
r-devel-linux-x86_64-fedora-gcc 2.0.1 283.15 NOTE
r-devel-windows-x86_64 2.0.1 34.00 159.00 193.00 NOTE
r-patched-linux-x86_64 2.0.1 27.15 188.67 215.82 NOTE
r-release-linux-x86_64 2.0.1 22.41 187.29 209.70 NOTE
r-release-macos-arm64 2.0.1 93.00 NOTE
r-release-windows-x86_64 2.0.1 31.00 159.00 190.00 NOTE
r-oldrel-macos-arm64 2.0.1 102.00 OK
r-oldrel-macos-x86_64 2.0.1 158.00 OK
r-oldrel-windows-x86_64 2.0.1 42.00 190.00 232.00 OK

Check Details

Version: 2.0.1
Check: Rd files
Result: NOTE checkRd: (-1) evaluation.Rd:38: Lost braces in \itemize; \value handles \item{}{} directly checkRd: (-1) evaluation.Rd:39: Lost braces in \itemize; \value handles \item{}{} directly checkRd: (-1) evaluation.Rd:40: Lost braces in \itemize; \value handles \item{}{} directly checkRd: (-1) evaluation.Rd:41: Lost braces in \itemize; \value handles \item{}{} directly checkRd: (-1) evaluation.Rd:42: Lost braces in \itemize; \value handles \item{}{} directly checkRd: (-1) evaluation.Rd:43: Lost braces in \itemize; \value handles \item{}{} directly checkRd: (-1) evaluation.Rd:44: Lost braces in \itemize; \value handles \item{}{} directly checkRd: (-1) evaluation.Rd:45: Lost braces in \itemize; \value handles \item{}{} directly checkRd: (-1) evaluation.Rd:46: Lost braces in \itemize; \value handles \item{}{} directly checkRd: (-1) evaluation.Rd:47: Lost braces in \itemize; \value handles \item{}{} directly checkRd: (-1) evaluation.Rd:48: Lost braces in \itemize; \value handles \item{}{} directly checkRd: (-1) evaluation.Rd:49: Lost braces in \itemize; \value handles \item{}{} directly checkRd: (-1) evaluation.Rd:50: Lost braces in \itemize; \value handles \item{}{} directly checkRd: (-1) evaluation.Rd:51: Lost braces in \itemize; \value handles \item{}{} directly checkRd: (-1) evaluation.Rd:52: Lost braces in \itemize; \value handles \item{}{} directly checkRd: (-1) evaluation.Rd:53: Lost braces in \itemize; \value handles \item{}{} directly checkRd: (-1) evaluation.Rd:54: Lost braces in \itemize; \value handles \item{}{} directly checkRd: (-1) evaluation.Rd:55: Lost braces in \itemize; \value handles \item{}{} directly checkRd: (-1) evaluation.Rd:56: Lost braces in \itemize; \value handles \item{}{} directly checkRd: (-1) evaluation.Rd:57: Lost braces in \itemize; \value handles \item{}{} directly checkRd: (-1) evaluation.Rd:58: Lost braces in \itemize; \value handles \item{}{} directly checkRd: (-1) evaluation.Rd:59: Lost braces in \itemize; \value handles \item{}{} directly checkRd: (-1) gen_data.Rd:35: Lost braces in \itemize; \value handles \item{}{} directly checkRd: (-1) gen_data.Rd:36-37: Lost braces in \itemize; \value handles \item{}{} directly checkRd: (-1) get_types.Rd:17: Lost braces in \itemize; \value handles \item{}{} directly checkRd: (-1) interpolation.Rd:23: Lost braces in \itemize; \value handles \item{}{} directly checkRd: (-1) interpolation.Rd:24: Lost braces in \itemize; \value handles \item{}{} directly checkRd: (-1) latentcor.Rd:38: Lost braces in \itemize; \value handles \item{}{} directly checkRd: (-1) latentcor.Rd:39: Lost braces in \itemize; \value handles \item{}{} directly checkRd: (-1) latentcor.Rd:40: Lost braces in \itemize; \value handles \item{}{} directly checkRd: (-1) latentcor.Rd:41: Lost braces in \itemize; \value handles \item{}{} directly checkRd: (-1) latentcor.Rd:42: Lost braces in \itemize; \value handles \item{}{} directly Flavors: r-devel-linux-x86_64-debian-clang, r-devel-linux-x86_64-debian-gcc, r-devel-linux-x86_64-fedora-clang, r-devel-linux-x86_64-fedora-gcc, r-devel-windows-x86_64, r-patched-linux-x86_64, r-release-linux-x86_64, r-release-macos-arm64, r-release-windows-x86_64