CRAN Package Check Results for Package latentnet

Last updated on 2024-02-29 20:05:30 CET.

Flavor Version Tinstall Tcheck Ttotal Status Flags
r-devel-linux-x86_64-debian-clang 2.11.0 22.18 214.96 237.14 NOTE
r-devel-linux-x86_64-debian-gcc 2.11.0 19.13 156.77 175.90 NOTE
r-devel-linux-x86_64-fedora-clang 2.11.0 291.55 NOTE
r-devel-linux-x86_64-fedora-gcc 2.11.0 297.88 NOTE
r-devel-windows-x86_64 2.10.6 25.00 165.00 190.00 NOTE
r-patched-linux-x86_64 2.11.0 33.12 210.55 243.67 NOTE
r-release-linux-x86_64 2.11.0 26.29 210.81 237.10 NOTE
r-release-macos-arm64 2.11.0 89.00 NOTE
r-release-macos-x86_64 2.11.0 211.00 NOTE
r-release-windows-x86_64 2.11.0 36.00 221.00 257.00 NOTE
r-oldrel-macos-arm64 2.11.0 79.00 NOTE
r-oldrel-windows-x86_64 2.11.0 32.00 217.00 249.00 NOTE

Check Details

Version: 2.11.0
Check: for GNU extensions in Makefiles
Result: NOTE GNU make is a SystemRequirements. Flavors: r-devel-linux-x86_64-debian-clang, r-devel-linux-x86_64-debian-gcc, r-devel-linux-x86_64-fedora-clang, r-devel-linux-x86_64-fedora-gcc, r-patched-linux-x86_64, r-release-linux-x86_64, r-release-macos-arm64, r-release-macos-x86_64, r-release-windows-x86_64, r-oldrel-macos-arm64, r-oldrel-windows-x86_64

Version: 2.10.6
Check: package dependencies
Result: NOTE Package suggested but not available for checking: 'ergm.userterms' Flavor: r-devel-windows-x86_64

Version: 2.10.6
Check: Rd files
Result: NOTE checkRd: (-1) simulate.ergmm.Rd:35: Escaped LaTeX specials: \$ checkRd: (-1) simulate.ergmm.Rd:36: Escaped LaTeX specials: \$ Flavor: r-devel-windows-x86_64

Version: 2.10.6
Check: Rd cross-references
Result: NOTE Unknown package 'ergm.userterms' in Rd xrefs Flavor: r-devel-windows-x86_64

Version: 2.10.6
Check: for GNU extensions in Makefiles
Result: NOTE GNU make is a SystemRequirements. Flavor: r-devel-windows-x86_64