Last updated on 2023-06-07 22:02:46 CEST.
Flavor | Version | Tinstall | Tcheck | Ttotal | Status | Flags |
---|---|---|---|---|---|---|
r-devel-linux-x86_64-debian-clang | 1.3.1 | 41.28 | 85.57 | 126.85 | OK | |
r-devel-linux-x86_64-debian-gcc | 1.3.1 | 33.08 | 59.32 | 92.40 | OK | |
r-devel-linux-x86_64-fedora-clang | 1.3.1 | 183.06 | OK | |||
r-devel-linux-x86_64-fedora-gcc | 1.3.1 | 189.42 | OK | |||
r-devel-windows-x86_64 | 1.3.1 | 44.00 | 122.00 | 166.00 | OK | |
r-patched-linux-x86_64 | 1.3.1 | 36.96 | 73.21 | 110.17 | OK | |
r-release-linux-x86_64 | 1.3.1 | 34.39 | 73.18 | 107.57 | OK | |
r-release-macos-arm64 | 1.3.1 | 77.00 | OK | |||
r-release-macos-x86_64 | 1.3.0 | 78.00 | NOTE | |||
r-release-windows-x86_64 | 1.3.1 | 56.00 | 137.00 | 193.00 | OK | |
r-oldrel-macos-arm64 | 1.3.1 | 57.00 | OK | |||
r-oldrel-macos-x86_64 | 1.3.1 | 65.00 | OK | |||
r-oldrel-windows-x86_64 | 1.3.1 | 49.00 | 128.00 | 177.00 | OK |
Version: 1.3.0
Check: C++ specification
Result: NOTE
Specified C++11: please drop specification unless essential
Flavor: r-release-macos-x86_64