Last updated on 2023-05-28 22:00:14 CEST.
Flavor | Version | Tinstall | Tcheck | Ttotal | Status | Flags |
---|---|---|---|---|---|---|
r-devel-linux-x86_64-debian-clang | 0.6-30 | 5.44 | 97.89 | 103.33 | OK | |
r-devel-linux-x86_64-debian-gcc | 0.6-30 | 6.98 | 74.37 | 81.35 | OK | |
r-devel-linux-x86_64-fedora-clang | 0.6-30 | 136.65 | NOTE | |||
r-devel-linux-x86_64-fedora-gcc | 0.6-30 | 123.97 | OK | |||
r-devel-windows-x86_64 | 0.6-30 | 10.00 | 102.00 | 112.00 | OK | |
r-patched-linux-x86_64 | 0.6-30 | 8.34 | 93.56 | 101.90 | OK | |
r-release-linux-x86_64 | 0.6-30 | 8.70 | 93.60 | 102.30 | OK | |
r-release-macos-arm64 | 0.6-30 | 39.00 | OK | |||
r-release-macos-x86_64 | 0.6-30 | 67.00 | OK | |||
r-release-windows-x86_64 | 0.6-30 | 11.00 | 120.00 | 131.00 | OK | |
r-oldrel-macos-arm64 | 0.6-30 | 40.00 | OK | |||
r-oldrel-macos-x86_64 | 0.6-30 | 54.00 | OK | |||
r-oldrel-windows-x86_64 | 0.6-30 | 11.00 | 120.00 | 131.00 | OK |
Version: 0.6-30
Check: Rd cross-references
Result: NOTE
Undeclared package ‘ggplot2’ in Rd xrefs
Flavor: r-devel-linux-x86_64-fedora-clang