CRAN Package Check Results for Package lavaan.shiny

Last updated on 2022-01-23 19:48:33 CET.

Flavor Version Tinstall Tcheck Ttotal Status Flags
r-devel-linux-x86_64-debian-clang 1.2 17.67 154.53 172.20 NOTE
r-devel-linux-x86_64-debian-gcc 1.2 15.12 130.98 146.10 NOTE
r-devel-linux-x86_64-fedora-clang 1.2 218.71 NOTE
r-devel-linux-x86_64-fedora-gcc 1.2 193.69 NOTE
r-devel-windows-x86_64-new-UL 1.2 41.00 155.00 196.00 NOTE
r-devel-windows-x86_64-new-TK 1.2 ERROR
r-patched-linux-x86_64 1.2 16.38 143.65 160.03 NOTE
r-release-linux-x86_64 1.2 11.54 144.87 156.41 NOTE
r-release-macos-arm64 1.2 NOTE
r-release-macos-x86_64 1.2 NOTE
r-release-windows-ix86+x86_64 1.2 41.00 165.00 206.00 NOTE
r-oldrel-macos-x86_64 1.2 OK
r-oldrel-windows-ix86+x86_64 1.2 43.00 180.00 223.00 OK

Check Details

Version: 1.2
Check: LazyData
Result: NOTE
     'LazyData' is specified without a 'data' directory
Flavors: r-devel-linux-x86_64-debian-clang, r-devel-linux-x86_64-debian-gcc, r-devel-linux-x86_64-fedora-clang, r-devel-linux-x86_64-fedora-gcc, r-devel-windows-x86_64-new-UL, r-patched-linux-x86_64, r-release-linux-x86_64, r-release-macos-arm64, r-release-macos-x86_64, r-release-windows-ix86+x86_64

Version: 1.2
Check: package dependencies
Result: ERROR
    Package required but not available: 'semPlot'
    
    See section 'The DESCRIPTION file' in the 'Writing R Extensions'
    manual.
Flavor: r-devel-windows-x86_64-new-TK