CRAN Package Check Results for Package ldatuning

Last updated on 2024-04-14 21:49:28 CEST.

Flavor Version Tinstall Tcheck Ttotal Status Flags
r-devel-linux-x86_64-debian-clang 1.0.2 6.51 72.86 79.37 NOTE
r-devel-linux-x86_64-debian-gcc 1.0.2 5.71 53.84 59.55 NOTE
r-devel-linux-x86_64-fedora-clang 1.0.2 97.36 NOTE
r-devel-linux-x86_64-fedora-gcc 1.0.2 106.97 NOTE
r-devel-windows-x86_64 1.0.2 7.00 77.00 84.00 NOTE
r-patched-linux-x86_64 1.0.2 12.12 69.70 81.82 NOTE
r-release-linux-x86_64 1.0.2 7.25 68.39 75.64 NOTE
r-release-macos-arm64 1.0.2 44.00 NOTE
r-release-macos-x86_64 1.0.2 64.00 NOTE
r-release-windows-x86_64 1.0.2 10.00 87.00 97.00 NOTE
r-oldrel-macos-arm64 1.0.2 35.00 NOTE
r-oldrel-windows-x86_64 1.0.2 10.00 94.00 104.00 NOTE

Check Details

Version: 1.0.2
Check: LazyData
Result: NOTE 'LazyData' is specified without a 'data' directory Flavors: r-devel-linux-x86_64-debian-clang, r-devel-linux-x86_64-debian-gcc, r-devel-linux-x86_64-fedora-clang, r-devel-linux-x86_64-fedora-gcc, r-devel-windows-x86_64, r-patched-linux-x86_64, r-release-linux-x86_64, r-release-macos-arm64, r-release-macos-x86_64, r-release-windows-x86_64, r-oldrel-macos-arm64, r-oldrel-windows-x86_64

Version: 1.0.2
Check: Rd cross-references
Result: NOTE Undeclared package ‘tm’ in Rd xrefs Flavor: r-devel-linux-x86_64-fedora-clang