CRAN Package Check Results for Package ldbod

Last updated on 2022-05-28 21:50:43 CEST.

Flavor Version Tinstall Tcheck Ttotal Status Flags
r-devel-linux-x86_64-debian-clang 0.1.2 3.19 39.65 42.84 NOTE
r-devel-linux-x86_64-debian-gcc 0.1.2 1.79 30.42 32.21 NOTE
r-devel-linux-x86_64-fedora-clang 0.1.2 52.83 NOTE
r-devel-linux-x86_64-fedora-gcc 0.1.2 51.26 NOTE
r-devel-windows-x86_64 0.1.2 9.00 53.00 62.00 NOTE
r-patched-linux-x86_64 0.1.2 2.59 38.57 41.16 NOTE
r-release-linux-x86_64 0.1.2 2.05 38.41 40.46 NOTE
r-release-macos-arm64 0.1.2 17.00 NOTE
r-release-macos-x86_64 0.1.2 23.00 NOTE
r-release-windows-x86_64 0.1.2 10.00 52.00 62.00 NOTE
r-oldrel-macos-arm64 0.1.2 23.00 NOTE
r-oldrel-macos-x86_64 0.1.2 29.00 NOTE
r-oldrel-windows-ix86+x86_64 0.1.2 6.00 48.00 54.00 NOTE

Check Details

Version: 0.1.2
Check: LazyData
Result: NOTE
     'LazyData' is specified without a 'data' directory
Flavors: r-devel-linux-x86_64-debian-clang, r-devel-linux-x86_64-debian-gcc, r-devel-linux-x86_64-fedora-clang, r-devel-linux-x86_64-fedora-gcc, r-devel-windows-x86_64, r-patched-linux-x86_64, r-release-linux-x86_64, r-release-macos-arm64, r-release-macos-x86_64, r-release-windows-x86_64, r-oldrel-macos-arm64, r-oldrel-macos-x86_64, r-oldrel-windows-ix86+x86_64