Last updated on 2023-02-04 19:58:14 CET.
Flavor | Version | Tinstall | Tcheck | Ttotal | Status | Flags |
---|---|---|---|---|---|---|
r-devel-linux-x86_64-debian-clang | 1.2.0 | 5.20 | 81.78 | 86.98 | OK | |
r-devel-linux-x86_64-debian-gcc | 1.2.0 | 4.48 | 61.23 | 65.71 | OK | |
r-devel-linux-x86_64-fedora-clang | 1.2.0 | 111.04 | NOTE | |||
r-devel-linux-x86_64-fedora-gcc | 1.2.0 | 114.35 | NOTE | |||
r-devel-windows-x86_64 | 1.2.0 | 33.00 | 130.00 | 163.00 | OK | |
r-patched-linux-x86_64 | 1.2.0 | 6.59 | 80.47 | 87.06 | OK | |
r-release-linux-x86_64 | 1.2.0 | 5.66 | 63.93 | 69.59 | OK | |
r-release-macos-arm64 | 1.2.0 | 38.00 | NOTE | |||
r-release-macos-x86_64 | 1.2.0 | 53.00 | NOTE | |||
r-release-windows-x86_64 | 1.2.0 | 22.00 | 126.00 | 148.00 | OK | |
r-oldrel-macos-arm64 | 1.2.0 | 42.00 | NOTE | |||
r-oldrel-macos-x86_64 | 1.2.0 | 61.00 | NOTE | |||
r-oldrel-windows-ix86+x86_64 | 1.2.0 | 16.00 | 115.00 | 131.00 | OK |
Version: 1.2.0
Check: data for non-ASCII characters
Result: NOTE
Note: found 75 marked UTF-8 strings
Flavors: r-devel-linux-x86_64-fedora-clang, r-devel-linux-x86_64-fedora-gcc, r-release-macos-arm64, r-release-macos-x86_64, r-oldrel-macos-arm64, r-oldrel-macos-x86_64