CRAN Package Check Results for Package leaflet.extras

Last updated on 2022-01-27 19:51:03 CET.

Flavor Version Tinstall Tcheck Ttotal Status Flags
r-devel-linux-x86_64-debian-clang 1.0.0 4.17 43.92 48.09 NOTE
r-devel-linux-x86_64-debian-gcc 1.0.0 3.43 34.60 38.03 NOTE
r-devel-linux-x86_64-fedora-clang 1.0.0 59.22 NOTE
r-devel-linux-x86_64-fedora-gcc 1.0.0 47.63 NOTE
r-devel-windows-x86_64-new-UL 1.0.0 1021.00 84.00 1105.00 NOTE
r-devel-windows-x86_64-new-TK 1.0.0 NOTE
r-patched-linux-x86_64 1.0.0 9.37 42.81 52.18 NOTE
r-release-linux-x86_64 1.0.0 4.21 42.73 46.94 NOTE
r-release-macos-arm64 1.0.0 NOTE
r-release-macos-x86_64 1.0.0 NOTE
r-release-windows-ix86+x86_64 1.0.0 10.00 63.00 73.00 NOTE
r-oldrel-macos-x86_64 1.0.0 OK
r-oldrel-windows-ix86+x86_64 1.0.0 10.00 64.00 74.00 OK

Check Details

Version: 1.0.0
Check: LazyData
Result: NOTE
     'LazyData' is specified without a 'data' directory
Flavors: r-devel-linux-x86_64-debian-clang, r-devel-linux-x86_64-debian-gcc, r-devel-linux-x86_64-fedora-clang, r-devel-linux-x86_64-fedora-gcc, r-devel-windows-x86_64-new-UL, r-devel-windows-x86_64-new-TK, r-patched-linux-x86_64, r-release-linux-x86_64, r-release-macos-arm64, r-release-macos-x86_64, r-release-windows-ix86+x86_64