CRAN Package Check Results for Package leaflet.extras

Last updated on 2021-03-07 19:48:59 CET.

Flavor Version Tinstall Tcheck Ttotal Status Flags
r-devel-linux-x86_64-debian-clang 1.0.0 4.51 35.62 40.13 OK
r-devel-linux-x86_64-debian-gcc 1.0.0 3.47 27.63 31.10 OK
r-devel-linux-x86_64-fedora-clang 1.0.0 57.07 OK
r-devel-linux-x86_64-fedora-gcc 1.0.0 46.10 OK
r-devel-windows-ix86+x86_64 1.0.0 10.00 68.00 78.00 OK
r-devel-windows-x86_64-gcc10-UCRT 1.0.0 OK
r-patched-linux-x86_64 1.0.0 4.40 34.28 38.68 OK
r-patched-solaris-x86 1.0.0 71.70 NOTE
r-release-linux-x86_64 1.0.0 4.26 34.55 38.81 OK
r-release-macos-x86_64 1.0.0 OK
r-release-windows-ix86+x86_64 1.0.0 8.00 40.00 48.00 OK
r-oldrel-macos-x86_64 1.0.0 OK
r-oldrel-windows-ix86+x86_64 1.0.0 6.00 39.00 45.00 OK

Check Details

Version: 1.0.0
Check: installed package size
Result: NOTE
     installed size is 5.5Mb
     sub-directories of 1Mb or more:
     htmlwidgets 4.2Mb
Flavor: r-patched-solaris-x86