CRAN Package Check Results for Package leaflet.opacity

Last updated on 2023-01-26 19:49:30 CET.

Flavor Version Tinstall Tcheck Ttotal Status Flags
r-devel-linux-x86_64-debian-clang 0.1.0 2.28 50.57 52.85 NOTE
r-devel-linux-x86_64-debian-gcc 0.1.0 1.77 37.40 39.17 NOTE
r-devel-linux-x86_64-fedora-clang 0.1.0 63.46 NOTE
r-devel-linux-x86_64-fedora-gcc 0.1.0 76.14 NOTE
r-devel-windows-x86_64 0.1.0 58.00 95.00 153.00 NOTE
r-patched-linux-x86_64 0.1.0 2.43 48.73 51.16 NOTE
r-release-linux-x86_64 0.1.0 2.41 48.81 51.22 NOTE
r-release-macos-arm64 0.1.0 23.00 NOTE
r-release-macos-x86_64 0.1.0 34.00 NOTE
r-release-windows-x86_64 0.1.0 52.00 80.00 132.00 NOTE
r-oldrel-macos-arm64 0.1.0 24.00 NOTE
r-oldrel-macos-x86_64 0.1.0 34.00 NOTE
r-oldrel-windows-ix86+x86_64 0.1.0 7.00 74.00 81.00 NOTE

Check Details

Version: 0.1.0
Check: LazyData
Result: NOTE
     'LazyData' is specified without a 'data' directory
Flavors: r-devel-linux-x86_64-debian-clang, r-devel-linux-x86_64-debian-gcc, r-devel-linux-x86_64-fedora-clang, r-devel-linux-x86_64-fedora-gcc, r-devel-windows-x86_64, r-patched-linux-x86_64, r-release-linux-x86_64, r-release-macos-arm64, r-release-macos-x86_64, r-release-windows-x86_64, r-oldrel-macos-arm64, r-oldrel-macos-x86_64, r-oldrel-windows-ix86+x86_64