CRAN Package Check Results for Package leaflet.providers

Last updated on 2021-11-30 19:51:27 CET.

Flavor Version Tinstall Tcheck Ttotal Status Flags
r-devel-linux-x86_64-debian-clang 1.9.0 1.79 21.11 22.90 NOTE
r-devel-linux-x86_64-debian-gcc 1.9.0 1.50 16.71 18.21 NOTE
r-devel-linux-x86_64-fedora-clang 1.9.0 39.27 NOTE
r-devel-linux-x86_64-fedora-gcc 1.9.0 28.27 NOTE
r-devel-windows-x86_64-new-UL 1.9.0 6.00 58.00 64.00 NOTE
r-devel-windows-x86_64-new-TK 1.9.0 NOTE
r-devel-windows-x86_64-old 1.9.0 5.00 31.00 36.00 NOTE
r-patched-linux-x86_64 1.9.0 1.89 20.14 22.03 NOTE
r-patched-solaris-x86 1.9.0 45.70 NOTE
r-release-linux-x86_64 1.9.0 1.79 20.27 22.06 NOTE
r-release-macos-arm64 1.9.0 NOTE
r-release-macos-x86_64 1.9.0 NOTE
r-release-windows-ix86+x86_64 1.9.0 4.00 29.00 33.00 NOTE
r-oldrel-macos-x86_64 1.9.0 OK
r-oldrel-windows-ix86+x86_64 1.9.0 4.00 28.00 32.00 OK

Check Details

Version: 1.9.0
Check: LazyData
Result: NOTE
     'LazyData' is specified without a 'data' directory
Flavors: r-devel-linux-x86_64-debian-clang, r-devel-linux-x86_64-debian-gcc, r-devel-linux-x86_64-fedora-clang, r-devel-linux-x86_64-fedora-gcc, r-devel-windows-x86_64-new-UL, r-devel-windows-x86_64-new-TK, r-devel-windows-x86_64-old, r-patched-linux-x86_64, r-patched-solaris-x86, r-release-linux-x86_64, r-release-macos-arm64, r-release-macos-x86_64, r-release-windows-ix86+x86_64