CRAN Package Check Results for Package learningtower

Last updated on 2021-12-07 19:49:48 CET.

Flavor Version Tinstall Tcheck Ttotal Status Flags
r-devel-linux-x86_64-debian-clang 1.0.0 4.12 103.38 107.50 OK
r-devel-linux-x86_64-debian-gcc 1.0.0 2.51 83.73 86.24 OK
r-devel-linux-x86_64-fedora-clang 1.0.0 135.68 NOTE
r-devel-linux-x86_64-fedora-gcc 1.0.0 120.65 NOTE
r-devel-windows-x86_64-new-UL 1.0.0 12.00 190.00 202.00 OK
r-devel-windows-x86_64-new-TK 1.0.0 NOTE
r-devel-windows-x86_64-old 1.0.0 8.00 134.00 142.00 OK
r-patched-linux-x86_64 1.0.0 3.54 104.70 108.24 OK
r-release-linux-x86_64 1.0.0 4.28 105.65 109.93 OK
r-release-macos-arm64 1.0.0 NOTE
r-release-macos-x86_64 1.0.0 NOTE
r-release-windows-ix86+x86_64 1.0.0 7.00 131.00 138.00 OK
r-oldrel-macos-x86_64 1.0.0 NOTE
r-oldrel-windows-ix86+x86_64 1.0.0 12.00 130.00 142.00 OK

Check Details

Version: 1.0.0
Check: data for non-ASCII characters
Result: NOTE
     Note: found 1 marked UTF-8 string
Flavors: r-devel-linux-x86_64-fedora-clang, r-devel-linux-x86_64-fedora-gcc, r-devel-windows-x86_64-new-TK, r-release-macos-arm64, r-release-macos-x86_64, r-oldrel-macos-x86_64