CRAN Package Check Results for Package leidenAlg

Last updated on 2024-02-28 19:49:39 CET.

Flavor Version Tinstall Tcheck Ttotal Status Flags
r-devel-linux-x86_64-debian-clang 1.1.2 256.15 102.20 358.35 WARN
r-devel-linux-x86_64-debian-gcc 1.1.2 209.07 77.71 286.78 NOTE
r-devel-windows-x86_64 1.1.2 262.00 115.00 377.00 NOTE
r-patched-linux-x86_64 1.1.2 179.42 99.35 278.77 NOTE
r-release-linux-x86_64 1.1.2 185.95 98.58 284.53 NOTE
r-release-macos-arm64 1.1.2 168.00 NOTE
r-release-macos-x86_64 1.1.3 142.00 NOTE
r-release-windows-x86_64 1.1.2 31.00 5.00 36.00 ERROR
r-oldrel-macos-arm64 1.1.2 132.00 NOTE
r-oldrel-windows-x86_64 1.1.3 232.00 140.00 372.00 NOTE

Check Details

Version: 1.1.2
Check: whether package can be installed
Result: WARN Found the following significant warnings: rinterface.c:200:13: warning: format string is not a string literal (potentially insecure) [-Wformat-security] See ‘/home/hornik/tmp/R.check/r-devel-clang/Work/PKGS/leidenAlg.Rcheck/00install.out’ for details. * used C++ compiler: ‘Debian clang version 17.0.6 (5)’ Flavor: r-devel-linux-x86_64-debian-clang

Version: 1.1.2
Check: for GNU extensions in Makefiles
Result: NOTE GNU make is a SystemRequirements. Flavors: r-devel-linux-x86_64-debian-clang, r-devel-linux-x86_64-debian-gcc, r-devel-windows-x86_64, r-patched-linux-x86_64, r-release-linux-x86_64, r-release-macos-arm64, r-oldrel-macos-arm64

Version: 1.1.3
Check: for GNU extensions in Makefiles
Result: NOTE GNU make is a SystemRequirements. Flavors: r-release-macos-x86_64, r-oldrel-windows-x86_64

Version: 1.1.2
Check: whether package can be installed
Result: ERROR Installation failed. Flavor: r-release-windows-x86_64