CRAN Package Check Results for Package lemon

Last updated on 2021-12-08 19:51:37 CET.

Flavor Version Tinstall Tcheck Ttotal Status Flags
r-devel-linux-x86_64-debian-clang 0.4.5 11.33 195.70 207.03 NOTE
r-devel-linux-x86_64-debian-gcc 0.4.5 10.39 140.17 150.56 NOTE
r-devel-linux-x86_64-fedora-clang 0.4.5 232.76 NOTE
r-devel-linux-x86_64-fedora-gcc 0.4.5 222.66 NOTE
r-devel-windows-x86_64-new-UL 0.4.5 31.00 304.00 335.00 NOTE
r-devel-windows-x86_64-new-TK 0.4.5 NOTE
r-devel-windows-x86_64-old 0.4.5 20.00 169.00 189.00 NOTE
r-patched-linux-x86_64 0.4.5 13.98 173.37 187.35 NOTE
r-release-linux-x86_64 0.4.5 11.85 171.13 182.98 NOTE
r-release-macos-arm64 0.4.5 NOTE
r-release-macos-x86_64 0.4.5 NOTE
r-release-windows-ix86+x86_64 0.4.5 18.00 205.00 223.00 NOTE
r-oldrel-macos-x86_64 0.4.5 OK
r-oldrel-windows-ix86+x86_64 0.4.5 25.00 200.00 225.00 OK

Check Details

Version: 0.4.5
Check: LazyData
Result: NOTE
     'LazyData' is specified without a 'data' directory
Flavors: r-devel-linux-x86_64-debian-clang, r-devel-linux-x86_64-debian-gcc, r-devel-linux-x86_64-fedora-clang, r-devel-linux-x86_64-fedora-gcc, r-devel-windows-x86_64-new-UL, r-devel-windows-x86_64-new-TK, r-devel-windows-x86_64-old, r-patched-linux-x86_64, r-release-linux-x86_64, r-release-macos-arm64, r-release-macos-x86_64, r-release-windows-ix86+x86_64