CRAN Package Check Results for Package lenses

Last updated on 2021-12-03 19:50:15 CET.

Flavor Version Tinstall Tcheck Ttotal Status Flags
r-devel-linux-x86_64-debian-clang 0.0.3 3.36 26.48 29.84 NOTE
r-devel-linux-x86_64-debian-gcc 0.0.3 2.52 20.66 23.18 NOTE
r-devel-linux-x86_64-fedora-clang 0.0.3 47.04 NOTE
r-devel-linux-x86_64-fedora-gcc 0.0.3 36.03 NOTE
r-devel-windows-x86_64-new-UL 0.0.3 11.00 67.00 78.00 NOTE
r-devel-windows-x86_64-new-TK 0.0.3 NOTE
r-devel-windows-x86_64-old 0.0.3 6.00 35.00 41.00 NOTE
r-patched-linux-x86_64 0.0.3 3.77 25.28 29.05 NOTE
r-release-linux-x86_64 0.0.3 3.22 25.26 28.48 NOTE
r-release-macos-arm64 0.0.3 NOTE
r-release-macos-x86_64 0.0.3 NOTE
r-release-windows-ix86+x86_64 0.0.3 8.00 44.00 52.00 NOTE
r-oldrel-macos-x86_64 0.0.3 OK
r-oldrel-windows-ix86+x86_64 0.0.3 6.00 43.00 49.00 OK

Check Details

Version: 0.0.3
Check: LazyData
Result: NOTE
     'LazyData' is specified without a 'data' directory
Flavors: r-devel-linux-x86_64-debian-clang, r-devel-linux-x86_64-debian-gcc, r-devel-linux-x86_64-fedora-clang, r-devel-linux-x86_64-fedora-gcc, r-devel-windows-x86_64-new-UL, r-devel-windows-x86_64-new-TK, r-devel-windows-x86_64-old, r-patched-linux-x86_64, r-release-linux-x86_64, r-release-macos-arm64, r-release-macos-x86_64, r-release-windows-ix86+x86_64

Version: 0.0.3
Check: Rd cross-references
Result: NOTE
    Undeclared packages ‘purrr’, ‘dplyr’ in Rd xrefs
Flavor: r-devel-linux-x86_64-fedora-clang