CRAN Package Check Results for Package levitate

Last updated on 2021-11-30 19:51:27 CET.

Flavor Version Tinstall Tcheck Ttotal Status Flags
r-devel-linux-x86_64-debian-clang 0.1.0 2.40 46.72 49.12 OK
r-devel-linux-x86_64-debian-gcc 0.1.0 1.95 34.56 36.51 OK
r-devel-linux-x86_64-fedora-clang 0.1.0 68.92 NOTE
r-devel-linux-x86_64-fedora-gcc 0.1.0 56.17 NOTE
r-devel-windows-x86_64-new-UL 0.1.0 7.00 90.00 97.00 OK
r-devel-windows-x86_64-new-TK 0.1.0 NOTE
r-devel-windows-x86_64-old 0.1.0 4.00 56.00 60.00 OK
r-patched-linux-x86_64 0.1.0 2.29 43.42 45.71 OK
r-patched-solaris-x86 0.1.0 52.40 NOTE
r-release-linux-x86_64 0.1.0 2.10 42.85 44.95 OK
r-release-macos-arm64 0.1.0 NOTE
r-release-macos-x86_64 0.1.0 NOTE
r-release-windows-ix86+x86_64 0.1.0 5.00 51.00 56.00 OK
r-oldrel-macos-x86_64 0.1.0 NOTE
r-oldrel-windows-ix86+x86_64 0.1.0 4.00 68.00 72.00 OK

Check Details

Version: 0.1.0
Check: dependencies in R code
Result: NOTE
    Namespaces in Imports field not imported from:
     ‘cli’ ‘glue’ ‘stringr’
     All declared Imports should be used.
Flavors: r-devel-linux-x86_64-fedora-clang, r-devel-linux-x86_64-fedora-gcc, r-devel-windows-x86_64-new-TK, r-patched-solaris-x86, r-release-macos-arm64, r-release-macos-x86_64, r-oldrel-macos-x86_64