Last updated on 2023-01-30 19:54:50 CET.
Flavor | Version | Tinstall | Tcheck | Ttotal | Status | Flags |
---|---|---|---|---|---|---|
r-devel-linux-x86_64-debian-clang | 2.2.0 | 80.30 | 141.24 | 221.54 | OK | |
r-devel-linux-x86_64-debian-gcc | 2.2.0 | 62.48 | 102.00 | 164.48 | NOTE | |
r-devel-linux-x86_64-fedora-clang | 2.2.0 | 310.85 | NOTE | |||
r-devel-linux-x86_64-fedora-gcc | 2.2.0 | 306.83 | NOTE | |||
r-devel-windows-x86_64 | 2.2.0 | 120.00 | 212.00 | 332.00 | NOTE | |
r-patched-linux-x86_64 | 2.2.0 | 64.74 | 131.27 | 196.01 | OK | |
r-release-linux-x86_64 | 2.2.0 | 69.87 | 132.69 | 202.56 | OK | |
r-release-macos-arm64 | 2.2.0 | 78.00 | OK | |||
r-release-macos-x86_64 | 2.2.0 | 100.00 | OK | |||
r-release-windows-x86_64 | 2.2.0 | 137.00 | 200.00 | 337.00 | NOTE | |
r-oldrel-macos-arm64 | 2.2.0 | 78.00 | OK | |||
r-oldrel-macos-x86_64 | 2.2.0 | 109.00 | OK | |||
r-oldrel-windows-ix86+x86_64 | 2.2.0 | 186.00 | 287.00 | 473.00 | NOTE |
Version: 2.2.0
Check: C++ specification
Result: NOTE
Specified C++11: please update to current default of C++17
Flavors: r-devel-linux-x86_64-debian-gcc, r-devel-linux-x86_64-fedora-clang, r-devel-linux-x86_64-fedora-gcc, r-devel-windows-x86_64
Version: 2.2.0
Check: package dependencies
Result: NOTE
Package suggested but not available for checking: 'doMC'
Flavors: r-devel-windows-x86_64, r-release-windows-x86_64, r-oldrel-windows-ix86+x86_64
Version: 2.2.0
Check: Rd cross-references
Result: NOTE
Package unavailable to check Rd xrefs: 'doMC'
Flavor: r-oldrel-windows-ix86+x86_64