Last updated on 2023-02-04 19:58:14 CET.
Flavor | Version | Tinstall | Tcheck | Ttotal | Status | Flags |
---|---|---|---|---|---|---|
r-devel-linux-x86_64-debian-clang | 1.0.5 | 37.19 | 350.30 | 387.49 | OK | |
r-devel-linux-x86_64-debian-gcc | 1.0.5 | 27.72 | 255.91 | 283.63 | OK | |
r-devel-linux-x86_64-fedora-clang | 1.0.5 | 472.40 | OK | |||
r-devel-linux-x86_64-fedora-gcc | 1.0.5 | 477.73 | OK | |||
r-devel-windows-x86_64 | 1.0.5 | 44.00 | 357.00 | 401.00 | OK | |
r-patched-linux-x86_64 | 1.0.5 | 34.48 | 328.33 | 362.81 | OK | |
r-release-linux-x86_64 | 1.0.5 | 28.79 | 317.57 | 346.36 | OK | |
r-release-macos-arm64 | 1.0.5 | 179.00 | OK | |||
r-release-macos-x86_64 | 1.0.5 | 222.00 | OK | |||
r-release-windows-x86_64 | 1.0.5 | 15.00 | 10.00 | 25.00 | ERROR | |
r-oldrel-macos-arm64 | 1.0.5 | 187.00 | OK | |||
r-oldrel-macos-x86_64 | 1.0.5 | 205.00 | OK | |||
r-oldrel-windows-ix86+x86_64 | 1.0.5 | 76.00 | 372.00 | 448.00 | OK |
Version: 1.0.5
Check: whether package can be installed
Result: ERROR
Installation failed.
Flavor: r-release-windows-x86_64