CRAN Package Check Results for Package librarysnapshot

Last updated on 2021-11-29 19:51:33 CET.

Flavor Version Tinstall Tcheck Ttotal Status Flags
r-devel-linux-x86_64-debian-clang 0.1.2 1.91 20.78 22.69 NOTE
r-devel-linux-x86_64-debian-gcc 0.1.2 1.44 16.62 18.06 NOTE
r-devel-linux-x86_64-fedora-clang 0.1.2 39.40 NOTE
r-devel-linux-x86_64-fedora-gcc 0.1.2 49.16 NOTE
r-devel-windows-x86_64-new-UL 0.1.2 6.00 53.00 59.00 NOTE
r-devel-windows-x86_64-new-TK 0.1.2 NOTE
r-devel-windows-x86_64-old 0.1.2 4.00 28.00 32.00 NOTE
r-patched-linux-x86_64 0.1.2 1.81 20.04 21.85 NOTE
r-patched-solaris-x86 0.1.2 44.70 NOTE
r-release-linux-x86_64 0.1.2 1.66 20.09 21.75 NOTE
r-release-macos-arm64 0.1.2 NOTE
r-release-macos-x86_64 0.1.2 NOTE
r-release-windows-ix86+x86_64 0.1.2 4.00 29.00 33.00 NOTE
r-oldrel-macos-x86_64 0.1.2 OK
r-oldrel-windows-ix86+x86_64 0.1.2 4.00 37.00 41.00 OK

Check Details

Version: 0.1.2
Check: LazyData
Result: NOTE
     'LazyData' is specified without a 'data' directory
Flavors: r-devel-linux-x86_64-debian-clang, r-devel-linux-x86_64-debian-gcc, r-devel-linux-x86_64-fedora-clang, r-devel-linux-x86_64-fedora-gcc, r-devel-windows-x86_64-new-UL, r-devel-windows-x86_64-new-TK, r-devel-windows-x86_64-old, r-patched-linux-x86_64, r-patched-solaris-x86, r-release-linux-x86_64, r-release-macos-arm64, r-release-macos-x86_64, r-release-windows-ix86+x86_64