CRAN Package Check Results for Package lidR

Last updated on 2022-12-03 19:52:53 CET.

Flavor Version Tinstall Tcheck Ttotal Status Flags
r-devel-linux-x86_64-debian-clang 4.0.1 165.35 607.11 772.46 OK
r-devel-linux-x86_64-debian-gcc 4.0.1 134.39 446.85 581.24 OK
r-devel-linux-x86_64-fedora-clang 4.0.1 1016.78 OK
r-devel-linux-x86_64-fedora-gcc 4.0.1 1059.04 OK
r-devel-windows-x86_64 4.0.1 666.00 664.00 1330.00 NOTE
r-patched-linux-x86_64 4.0.1 146.46 571.50 717.96 OK
r-release-linux-x86_64 4.0.1 142.42 533.48 675.90 OK
r-release-macos-arm64 4.0.1 199.00 NOTE
r-release-macos-x86_64 4.0.1 308.00 NOTE
r-release-windows-x86_64 4.0.1 193.00 671.00 864.00 NOTE
r-oldrel-macos-arm64 4.0.1 208.00 NOTE
r-oldrel-macos-x86_64 4.0.1 293.00 NOTE
r-oldrel-windows-ix86+x86_64 4.0.1 353.00 1033.00 1386.00 NOTE

Check Details

Version: 4.0.1
Check: installed package size
Result: NOTE
     installed size is 5.6Mb
     sub-directories of 1Mb or more:
     R 1.2Mb
     doc 1.0Mb
     extdata 1.1Mb
     libs 1.7Mb
Flavors: r-devel-windows-x86_64, r-release-macos-arm64, r-release-macos-x86_64, r-release-windows-x86_64, r-oldrel-macos-arm64, r-oldrel-macos-x86_64, r-oldrel-windows-ix86+x86_64