CRAN Package Check Results for Package lightgbm

Last updated on 2021-11-30 19:51:27 CET.

Flavor Version Tinstall Tcheck Ttotal Status Flags
r-devel-linux-x86_64-debian-clang 3.3.1 352.49 158.57 511.06 OK
r-devel-linux-x86_64-debian-gcc 3.3.1 298.73 236.79 535.52 OK
r-devel-linux-x86_64-fedora-clang 3.3.1 931.49 NOTE
r-devel-linux-x86_64-fedora-gcc 3.3.1 684.32 OK
r-devel-windows-x86_64-new-UL 3.3.1 432.00 296.00 728.00 OK
r-devel-windows-x86_64-new-TK 3.3.1 OK
r-devel-windows-x86_64-old 3.3.1 384.00 120.00 504.00 OK
r-patched-linux-x86_64 3.3.1 319.06 155.42 474.48 OK
r-patched-solaris-x86 3.3.1 1183.80 NOTE
r-release-linux-x86_64 3.3.1 315.65 154.58 470.23 OK
r-release-macos-arm64 3.3.1 NOTE
r-release-macos-x86_64 3.3.1 NOTE
r-release-windows-ix86+x86_64 3.3.1 757.00 183.00 940.00 NOTE
r-oldrel-macos-x86_64 3.3.1 NOTE
r-oldrel-windows-ix86+x86_64 3.3.1 558.00 177.00 735.00 NOTE

Check Details

Version: 3.3.1
Check: installed package size
Result: NOTE
     installed size is 44.4Mb
     sub-directories of 1Mb or more:
     libs 43.8Mb
Flavors: r-devel-linux-x86_64-fedora-clang, r-patched-solaris-x86, r-release-macos-arm64, r-release-macos-x86_64, r-release-windows-ix86+x86_64, r-oldrel-macos-x86_64, r-oldrel-windows-ix86+x86_64