CRAN Package Check Results for Package lilikoi

Last updated on 2021-12-08 19:51:37 CET.

Flavor Version Tinstall Tcheck Ttotal Status Flags
r-devel-linux-x86_64-debian-clang 2.0.4 51.60 374.06 425.66 NOTE
r-devel-linux-x86_64-debian-gcc 2.0.4 44.61 289.82 334.43 NOTE
r-devel-linux-x86_64-fedora-clang 2.0.4 514.59 NOTE
r-devel-linux-x86_64-fedora-gcc 2.0.4 516.37 NOTE
r-devel-windows-x86_64-new-UL 2.0.4 78.00 405.00 483.00 NOTE
r-devel-windows-x86_64-new-TK 2.0.4 NOTE
r-devel-windows-x86_64-old 2.0.4 76.00 296.00 372.00 NOTE
r-patched-linux-x86_64 2.0.4 49.10 358.42 407.52 NOTE
r-release-linux-x86_64 2.0.4 47.73 368.73 416.46 NOTE
r-release-macos-arm64 2.0.4 NOTE
r-release-macos-x86_64 2.0.4 NOTE
r-release-windows-ix86+x86_64 2.0.4 116.00 393.00 509.00 NOTE
r-oldrel-macos-x86_64 2.0.4 ERROR
r-oldrel-windows-ix86+x86_64 2.0.4 197.00 715.00 912.00 OK

Check Details

Version: 2.0.4
Check: LazyData
Result: NOTE
     'LazyData' is specified without a 'data' directory
Flavors: r-devel-linux-x86_64-debian-clang, r-devel-linux-x86_64-debian-gcc, r-devel-linux-x86_64-fedora-clang, r-devel-linux-x86_64-fedora-gcc, r-devel-windows-x86_64-new-UL, r-devel-windows-x86_64-new-TK, r-devel-windows-x86_64-old, r-patched-linux-x86_64, r-release-linux-x86_64, r-release-macos-arm64, r-release-macos-x86_64, r-release-windows-ix86+x86_64

Version: 2.0.4
Check: package dependencies
Result: NOTE
    Imports includes 26 non-default packages.
    Importing from so many packages makes the package vulnerable to any of
    them becoming unavailable. Move as many as possible to Suggests and
    use conditionally.
Flavor: r-devel-linux-x86_64-fedora-clang

Version: 2.0.4
Check: dependencies in R code
Result: NOTE
    Namespace in Imports field not imported from: ‘M3C’
     All declared Imports should be used.
Flavors: r-devel-linux-x86_64-fedora-clang, r-devel-linux-x86_64-fedora-gcc, r-devel-windows-x86_64-new-TK, r-release-macos-arm64, r-release-macos-x86_64

Version: 2.0.4
Check: package dependencies
Result: ERROR
    Packages required but not available: 'M3C', 'pathifier', 'pathview'
    
    See section ‘The DESCRIPTION file’ in the ‘Writing R Extensions’
    manual.
Flavor: r-oldrel-macos-x86_64