CRAN Package Check Results for Package linconGaussR

Last updated on 2025-01-25 19:48:47 CET.

Flavor Version Tinstall Tcheck Ttotal Status Flags
r-devel-linux-x86_64-debian-clang 0.1 22.28 22.63 44.91 NOTE
r-devel-linux-x86_64-debian-gcc 0.1 17.03 18.41 35.44 NOTE
r-devel-linux-x86_64-fedora-clang 0.1 85.96 NOTE
r-devel-linux-x86_64-fedora-gcc 0.1 89.20 NOTE
r-devel-windows-x86_64 0.1 27.00 66.00 93.00 NOTE
r-patched-linux-x86_64 0.1 23.48 22.21 45.69 NOTE
r-release-linux-x86_64 0.1 26.36 21.78 48.14 NOTE
r-release-macos-arm64 0.1 26.00 NOTE
r-release-macos-x86_64 0.1 33.00 NOTE
r-release-windows-x86_64 0.1 27.00 65.00 92.00 NOTE
r-oldrel-macos-arm64 0.1 29.00 NOTE
r-oldrel-macos-x86_64 0.1 43.00 NOTE
r-oldrel-windows-x86_64 0.1 31.00 72.00 103.00 NOTE

Check Details

Version: 0.1
Check: C++ specification
Result: NOTE Specified C++11: please drop specification unless essential Flavors: r-devel-linux-x86_64-debian-clang, r-devel-linux-x86_64-debian-gcc, r-devel-linux-x86_64-fedora-clang, r-devel-linux-x86_64-fedora-gcc, r-devel-windows-x86_64, r-patched-linux-x86_64, r-release-linux-x86_64, r-release-macos-arm64, r-release-macos-x86_64, r-release-windows-x86_64, r-oldrel-macos-arm64, r-oldrel-macos-x86_64, r-oldrel-windows-x86_64