CRAN Package Check Results for Package linconGaussR

Last updated on 2024-03-01 19:49:02 CET.

Flavor Version Tinstall Tcheck Ttotal Status Flags
r-devel-linux-x86_64-debian-clang 0.1 32.48 28.75 61.23 NOTE
r-devel-linux-x86_64-debian-gcc 0.1 29.97 22.41 52.38 NOTE
r-devel-linux-x86_64-fedora-clang 0.1 93.19 NOTE
r-devel-linux-x86_64-fedora-gcc 0.1 93.90 NOTE
r-devel-windows-x86_64 0.1 31.00 67.00 98.00 NOTE
r-patched-linux-x86_64 0.1 33.34 28.46 61.80 NOTE
r-release-linux-x86_64 0.1 36.92 28.99 65.91 NOTE
r-release-macos-arm64 0.1 29.00 NOTE
r-release-macos-x86_64 0.1 43.00 NOTE
r-release-windows-x86_64 0.1 28.00 71.00 99.00 NOTE
r-oldrel-macos-arm64 0.1 27.00 OK
r-oldrel-windows-x86_64 0.1 38.00 70.00 108.00 OK

Check Details

Version: 0.1
Check: C++ specification
Result: NOTE Specified C++11: please drop specification unless essential Flavors: r-devel-linux-x86_64-debian-clang, r-devel-linux-x86_64-debian-gcc, r-devel-linux-x86_64-fedora-clang, r-devel-linux-x86_64-fedora-gcc, r-devel-windows-x86_64, r-patched-linux-x86_64, r-release-linux-x86_64, r-release-macos-arm64, r-release-macos-x86_64, r-release-windows-x86_64