CRAN Package Check Results for Package lingtypology

Last updated on 2024-02-29 20:05:31 CET.

Flavor Version Tinstall Tcheck Ttotal Status Flags
r-devel-linux-x86_64-debian-clang 1.1.16 7.36 91.40 98.76 OK
r-devel-linux-x86_64-debian-gcc 1.1.16 6.65 69.20 75.85 OK
r-devel-linux-x86_64-fedora-clang 1.1.16 120.95 NOTE
r-devel-linux-x86_64-fedora-gcc 1.1.16 128.82 NOTE
r-devel-windows-x86_64 1.1.16 9.00 109.00 118.00 OK
r-patched-linux-x86_64 1.1.16 13.43 88.97 102.40 OK
r-release-linux-x86_64 1.1.16 5.48 87.27 92.75 OK
r-release-macos-arm64 1.1.16 57.00 OK
r-release-macos-x86_64 1.1.16 103.00 OK
r-release-windows-x86_64 1.1.16 13.00 125.00 138.00 OK
r-oldrel-macos-arm64 1.1.16 60.00 OK
r-oldrel-windows-x86_64 1.1.16 11.00 125.00 136.00 OK

Check Details

Version: 1.1.16
Check: Rd cross-references
Result: NOTE Undeclared package ‘magrittr’ in Rd xrefs Flavor: r-devel-linux-x86_64-fedora-clang

Version: 1.1.16
Check: data for non-ASCII characters
Result: NOTE Note: found 60714 marked UTF-8 strings Flavors: r-devel-linux-x86_64-fedora-clang, r-devel-linux-x86_64-fedora-gcc